{"id":522,"date":"2019-12-13T15:49:21","date_gmt":"2019-12-13T12:49:21","guid":{"rendered":"http:\/\/artemavitra.com\/?page_id=522"},"modified":"2019-12-13T16:03:32","modified_gmt":"2019-12-13T13:03:32","slug":"avcilar","status":"publish","type":"page","link":"https:\/\/artemavitra.com\/index.php\/avcilar\/","title":{"rendered":"Avc\u0131lar"},"content":{"rendered":"\n<p style=\"font-size:25px\"><strong>Mavi Yap\u0131 Tesisat Olarak Sorumlu Oldu\u011fumuz Avc\u0131lar Mahalleleri<\/strong><\/p>\n\n\n\n<div class=\"wp-block-button\"><a class=\"wp-block-button__link has-background has-vivid-cyan-blue-background-color\" href=\"tel:02124232383\">B\u0130ZE ULA\u015eIN<\/a><\/div>\n\n\n\n<p class=\"has-medium-font-size\"><br>Ambarl\u0131 Mahallesi<br>Cihangir Mahallesi<br>Denizk\u00f6\u015fkler Mahallesi <br>Fir\u00fczk\u00f6y Mahallesi <br>G\u00fcm\u00fc\u015fpala Mahallesi <br>Merkez Mahallesi <br>Mustafa Kemal Pa\u015fa Mahallesi <br>Tahtakale Mahallesi <br>\u00dcniversite Mahallesi <br>Ye\u015filkent Mahallesi <\/p>\n","protected":false},"excerpt":{"rendered":"<p>Mavi Yap\u0131 Tesisat Olarak Sorumlu Oldu\u011fumuz Avc\u0131lar Mahalleleri Ambarl\u0131 MahallesiCihangir MahallesiDenizk\u00f6\u015fkler Mahallesi Fir\u00fczk\u00f6y Mahallesi G\u00fcm\u00fc\u015fpala Mahallesi Merkez Mahallesi Mustafa Kemal&hellip;<\/p>\n","protected":false},"author":1,"featured_media":0,"parent":0,"menu_order":0,"comment_status":"closed","ping_status":"closed","template":"","meta":{"footnotes":""},"class_list":["post-522","page","type-page","status-publish","hentry"],"jetpack_sharing_enabled":true,"_links":{"self":[{"href":"https:\/\/artemavitra.com\/index.php\/wp-json\/wp\/v2\/pages\/522","targetHints":{"allow":["GET"]}}],"collection":[{"href":"https:\/\/artemavitra.com\/index.php\/wp-json\/wp\/v2\/pages"}],"about":[{"href":"https:\/\/artemavitra.com\/index.php\/wp-json\/wp\/v2\/types\/page"}],"author":[{"embeddable":true,"href":"https:\/\/artemavitra.com\/index.php\/wp-json\/wp\/v2\/users\/1"}],"replies":[{"embeddable":true,"href":"https:\/\/artemavitra.com\/index.php\/wp-json\/wp\/v2\/comments?post=522"}],"version-history":[{"count":4,"href":"https:\/\/artemavitra.com\/index.php\/wp-json\/wp\/v2\/pages\/522\/revisions"}],"predecessor-version":[{"id":531,"href":"https:\/\/artemavitra.com\/index.php\/wp-json\/wp\/v2\/pages\/522\/revisions\/531"}],"wp:attachment":[{"href":"https:\/\/artemavitra.com\/index.php\/wp-json\/wp\/v2\/media?parent=522"}],"curies":[{"name":"wp","href":"https:\/\/api.w.org\/{rel}","templated":true}]}}