{"id":126,"date":"2019-12-12T18:28:43","date_gmt":"2019-12-12T15:28:43","guid":{"rendered":"http:\/\/artemavitra.com\/?post_type=product&#038;p=126"},"modified":"2024-07-22T15:49:49","modified_gmt":"2024-07-22T12:49:49","slug":"bide-kapagi-alt-blok-412671yp1te","status":"publish","type":"product","link":"https:\/\/artemavitra.com\/index.php\/urun\/bide-kapagi-alt-blok-412671yp1te\/","title":{"rendered":"Bide kapa\u011f\u0131 alt blok (412671YP1TE)"},"content":{"rendered":"<p>\u0130stanbul 49-67 bide kapaklar\u0131 i\u00e7in<br \/>\n316011 koduyla sipari\u015f edilmelidir<\/p>\n","protected":false},"excerpt":{"rendered":"<p>\u0130stanbul 49-67 bide kapaklar\u0131 i\u00e7in 316011 koduyla sipari\u015f edilmelidir<\/p>\n","protected":false},"featured_media":127,"comment_status":"open","ping_status":"closed","template":"","meta":[],"product_brand":[],"product_cat":[18],"product_tag":[225,227,224,155,46,157,214,220,156,22,21,20,171,218,38,39,219],"class_list":{"0":"post-126","1":"product","2":"type-product","3":"status-publish","4":"has-post-thumbnail","6":"product_cat-klozet-kapaklari","7":"product_tag-225","8":"product_tag-412671yp1te","9":"product_tag-224","10":"product_tag-155","11":"product_tag-alt","12":"product_tag-bide","13":"product_tag-blok","14":"product_tag-edilmeli","15":"product_tag-istanbul","16":"product_tag-kapagi","17":"product_tag-kapak","18":"product_tag-klozet","19":"product_tag-kod","20":"product_tag-koduyla","21":"product_tag-mentese","22":"product_tag-mentesesi","23":"product_tag-siparis","25":"first","26":"instock","27":"shipping-taxable","28":"product-type-simple"},"jetpack_sharing_enabled":true,"_links":{"self":[{"href":"https:\/\/artemavitra.com\/index.php\/wp-json\/wp\/v2\/product\/126","targetHints":{"allow":["GET"]}}],"collection":[{"href":"https:\/\/artemavitra.com\/index.php\/wp-json\/wp\/v2\/product"}],"about":[{"href":"https:\/\/artemavitra.com\/index.php\/wp-json\/wp\/v2\/types\/product"}],"replies":[{"embeddable":true,"href":"https:\/\/artemavitra.com\/index.php\/wp-json\/wp\/v2\/comments?post=126"}],"version-history":[{"count":1,"href":"https:\/\/artemavitra.com\/index.php\/wp-json\/wp\/v2\/product\/126\/revisions"}],"predecessor-version":[{"id":128,"href":"https:\/\/artemavitra.com\/index.php\/wp-json\/wp\/v2\/product\/126\/revisions\/128"}],"wp:featuredmedia":[{"embeddable":true,"href":"https:\/\/artemavitra.com\/index.php\/wp-json\/wp\/v2\/media\/127"}],"wp:attachment":[{"href":"https:\/\/artemavitra.com\/index.php\/wp-json\/wp\/v2\/media?parent=126"}],"wp:term":[{"taxonomy":"product_brand","embeddable":true,"href":"https:\/\/artemavitra.com\/index.php\/wp-json\/wp\/v2\/product_brand?post=126"},{"taxonomy":"product_cat","embeddable":true,"href":"https:\/\/artemavitra.com\/index.php\/wp-json\/wp\/v2\/product_cat?post=126"},{"taxonomy":"product_tag","embeddable":true,"href":"https:\/\/artemavitra.com\/index.php\/wp-json\/wp\/v2\/product_tag?post=126"}],"curies":[{"name":"wp","href":"https:\/\/api.w.org\/{rel}","templated":true}]}}