{"id":1292,"date":"2019-12-16T15:43:16","date_gmt":"2019-12-16T12:43:16","guid":{"rendered":"http:\/\/artemavitra.com\/?post_type=product&#038;p=1292"},"modified":"2024-07-22T15:41:31","modified_gmt":"2024-07-22T12:41:31","slug":"izolasyon-icin-sunger-431146yp1te","status":"publish","type":"product","link":"https:\/\/artemavitra.com\/index.php\/urun\/izolasyon-icin-sunger-431146yp1te\/","title":{"rendered":"\u0130zolasyon i\u00e7in s\u00fcnger (431146YP1TE)"},"content":{"rendered":"","protected":false},"excerpt":{"rendered":"","protected":false},"featured_media":1293,"comment_status":"open","ping_status":"closed","template":"","meta":[],"product_brand":[],"product_cat":[631],"product_tag":[1514,665,643,629,166,1515,138,256,634,664,568,1516,726,1361,712,633],"class_list":{"0":"post-1292","1":"product","2":"type-product","3":"status-publish","4":"has-post-thumbnail","6":"product_cat-yikama-sistemleri","7":"product_tag-431146yp1te","8":"product_tag-alti","9":"product_tag-fotosel","10":"product_tag-giris","11":"product_tag-icin","12":"product_tag-izolasyon","13":"product_tag-pisuvar","14":"product_tag-sistem","15":"product_tag-sistemleri","16":"product_tag-siva","17":"product_tag-su","18":"product_tag-sunger","19":"product_tag-tamamlayici","20":"product_tag-urun","21":"product_tag-urunler","22":"product_tag-yikama","24":"first","25":"outofstock","26":"shipping-taxable","27":"product-type-simple"},"jetpack_sharing_enabled":true,"_links":{"self":[{"href":"https:\/\/artemavitra.com\/index.php\/wp-json\/wp\/v2\/product\/1292","targetHints":{"allow":["GET"]}}],"collection":[{"href":"https:\/\/artemavitra.com\/index.php\/wp-json\/wp\/v2\/product"}],"about":[{"href":"https:\/\/artemavitra.com\/index.php\/wp-json\/wp\/v2\/types\/product"}],"replies":[{"embeddable":true,"href":"https:\/\/artemavitra.com\/index.php\/wp-json\/wp\/v2\/comments?post=1292"}],"version-history":[{"count":1,"href":"https:\/\/artemavitra.com\/index.php\/wp-json\/wp\/v2\/product\/1292\/revisions"}],"predecessor-version":[{"id":1294,"href":"https:\/\/artemavitra.com\/index.php\/wp-json\/wp\/v2\/product\/1292\/revisions\/1294"}],"wp:featuredmedia":[{"embeddable":true,"href":"https:\/\/artemavitra.com\/index.php\/wp-json\/wp\/v2\/media\/1293"}],"wp:attachment":[{"href":"https:\/\/artemavitra.com\/index.php\/wp-json\/wp\/v2\/media?parent=1292"}],"wp:term":[{"taxonomy":"product_brand","embeddable":true,"href":"https:\/\/artemavitra.com\/index.php\/wp-json\/wp\/v2\/product_brand?post=1292"},{"taxonomy":"product_cat","embeddable":true,"href":"https:\/\/artemavitra.com\/index.php\/wp-json\/wp\/v2\/product_cat?post=1292"},{"taxonomy":"product_tag","embeddable":true,"href":"https:\/\/artemavitra.com\/index.php\/wp-json\/wp\/v2\/product_tag?post=1292"}],"curies":[{"name":"wp","href":"https:\/\/api.w.org\/{rel}","templated":true}]}}