{"id":1295,"date":"2019-12-16T15:44:06","date_gmt":"2019-12-16T12:44:06","guid":{"rendered":"http:\/\/artemavitra.com\/?post_type=product&#038;p=1295"},"modified":"2024-07-22T15:41:30","modified_gmt":"2024-07-22T12:41:30","slug":"adaptor-kutusu-icin-duz-panel-431147yp1te","status":"publish","type":"product","link":"https:\/\/artemavitra.com\/index.php\/urun\/adaptor-kutusu-icin-duz-panel-431147yp1te\/","title":{"rendered":"Adapt\u00f6r kutusu i\u00e7in d\u00fcz panel (431147YP1TE)"},"content":{"rendered":"","protected":false},"excerpt":{"rendered":"","protected":false},"featured_media":1296,"comment_status":"open","ping_status":"closed","template":"","meta":[],"product_brand":[],"product_cat":[631],"product_tag":[1517,328,665,783,643,629,166,647,532,138,256,634,664,568,726,1361,712,633],"class_list":{"0":"post-1295","1":"product","2":"type-product","3":"status-publish","4":"has-post-thumbnail","6":"product_cat-yikama-sistemleri","7":"product_tag-431147yp1te","8":"product_tag-adaptor","9":"product_tag-alti","10":"product_tag-duz","11":"product_tag-fotosel","12":"product_tag-giris","13":"product_tag-icin","14":"product_tag-kutusu","15":"product_tag-panel","16":"product_tag-pisuvar","17":"product_tag-sistem","18":"product_tag-sistemleri","19":"product_tag-siva","20":"product_tag-su","21":"product_tag-tamamlayici","22":"product_tag-urun","23":"product_tag-urunler","24":"product_tag-yikama","26":"first","27":"outofstock","28":"shipping-taxable","29":"product-type-simple"},"jetpack_sharing_enabled":true,"_links":{"self":[{"href":"https:\/\/artemavitra.com\/index.php\/wp-json\/wp\/v2\/product\/1295","targetHints":{"allow":["GET"]}}],"collection":[{"href":"https:\/\/artemavitra.com\/index.php\/wp-json\/wp\/v2\/product"}],"about":[{"href":"https:\/\/artemavitra.com\/index.php\/wp-json\/wp\/v2\/types\/product"}],"replies":[{"embeddable":true,"href":"https:\/\/artemavitra.com\/index.php\/wp-json\/wp\/v2\/comments?post=1295"}],"version-history":[{"count":1,"href":"https:\/\/artemavitra.com\/index.php\/wp-json\/wp\/v2\/product\/1295\/revisions"}],"predecessor-version":[{"id":1297,"href":"https:\/\/artemavitra.com\/index.php\/wp-json\/wp\/v2\/product\/1295\/revisions\/1297"}],"wp:featuredmedia":[{"embeddable":true,"href":"https:\/\/artemavitra.com\/index.php\/wp-json\/wp\/v2\/media\/1296"}],"wp:attachment":[{"href":"https:\/\/artemavitra.com\/index.php\/wp-json\/wp\/v2\/media?parent=1295"}],"wp:term":[{"taxonomy":"product_brand","embeddable":true,"href":"https:\/\/artemavitra.com\/index.php\/wp-json\/wp\/v2\/product_brand?post=1295"},{"taxonomy":"product_cat","embeddable":true,"href":"https:\/\/artemavitra.com\/index.php\/wp-json\/wp\/v2\/product_cat?post=1295"},{"taxonomy":"product_tag","embeddable":true,"href":"https:\/\/artemavitra.com\/index.php\/wp-json\/wp\/v2\/product_tag?post=1295"}],"curies":[{"name":"wp","href":"https:\/\/api.w.org\/{rel}","templated":true}]}}