{"id":1521,"date":"2019-12-16T17:47:22","date_gmt":"2019-12-16T14:47:22","guid":{"rendered":"http:\/\/artemavitra.com\/?post_type=product&#038;p=1521"},"modified":"2024-07-22T15:40:01","modified_gmt":"2024-07-22T12:40:01","slug":"280-mm-camasir-sepeti-6613232","status":"publish","type":"product","link":"https:\/\/artemavitra.com\/index.php\/urun\/280-mm-camasir-sepeti-6613232\/","title":{"rendered":"280 mm \u00e7ama\u015f\u0131r sepeti (6613232)"},"content":{"rendered":"<p>Ecora<\/p>\n","protected":false},"excerpt":{"rendered":"<p>Ecora<\/p>\n","protected":false},"featured_media":1522,"comment_status":"open","ping_status":"closed","template":"","meta":[],"product_brand":[],"product_cat":[721],"product_tag":[1649,1648,725,723,806,799,465,724,728,1650,726],"class_list":{"0":"post-1521","1":"product","2":"type-product","3":"status-publish","4":"has-post-thumbnail","6":"product_cat-aksesuar-ve-tamamlayicilar","7":"product_tag-1649","8":"product_tag-1648","9":"product_tag-aksesuar","10":"product_tag-banyo","11":"product_tag-camasir","12":"product_tag-ecora","13":"product_tag-mm","14":"product_tag-mobilya","15":"product_tag-mobilyalari","16":"product_tag-sepeti","17":"product_tag-tamamlayici","19":"first","20":"outofstock","21":"shipping-taxable","22":"product-type-simple"},"jetpack_sharing_enabled":true,"_links":{"self":[{"href":"https:\/\/artemavitra.com\/index.php\/wp-json\/wp\/v2\/product\/1521","targetHints":{"allow":["GET"]}}],"collection":[{"href":"https:\/\/artemavitra.com\/index.php\/wp-json\/wp\/v2\/product"}],"about":[{"href":"https:\/\/artemavitra.com\/index.php\/wp-json\/wp\/v2\/types\/product"}],"replies":[{"embeddable":true,"href":"https:\/\/artemavitra.com\/index.php\/wp-json\/wp\/v2\/comments?post=1521"}],"version-history":[{"count":1,"href":"https:\/\/artemavitra.com\/index.php\/wp-json\/wp\/v2\/product\/1521\/revisions"}],"predecessor-version":[{"id":1523,"href":"https:\/\/artemavitra.com\/index.php\/wp-json\/wp\/v2\/product\/1521\/revisions\/1523"}],"wp:featuredmedia":[{"embeddable":true,"href":"https:\/\/artemavitra.com\/index.php\/wp-json\/wp\/v2\/media\/1522"}],"wp:attachment":[{"href":"https:\/\/artemavitra.com\/index.php\/wp-json\/wp\/v2\/media?parent=1521"}],"wp:term":[{"taxonomy":"product_brand","embeddable":true,"href":"https:\/\/artemavitra.com\/index.php\/wp-json\/wp\/v2\/product_brand?post=1521"},{"taxonomy":"product_cat","embeddable":true,"href":"https:\/\/artemavitra.com\/index.php\/wp-json\/wp\/v2\/product_cat?post=1521"},{"taxonomy":"product_tag","embeddable":true,"href":"https:\/\/artemavitra.com\/index.php\/wp-json\/wp\/v2\/product_tag?post=1521"}],"curies":[{"name":"wp","href":"https:\/\/api.w.org\/{rel}","templated":true}]}}

280 mm çamaşır sepeti (6613232)
