{"id":1626,"date":"2019-12-16T18:59:09","date_gmt":"2019-12-16T15:59:09","guid":{"rendered":"http:\/\/artemavitra.com\/?post_type=product&#038;p=1626"},"modified":"2024-07-22T15:39:41","modified_gmt":"2024-07-22T12:39:41","slug":"askili-camasir-sepeti-6613775","status":"publish","type":"product","link":"https:\/\/artemavitra.com\/index.php\/urun\/askili-camasir-sepeti-6613775\/","title":{"rendered":"Ask\u0131l\u0131 \u00e7ama\u015f\u0131r sepeti (6613775)"},"content":{"rendered":"<p>Siyah-Tel<br \/>\n8112-2<br \/>\nSento<\/p>\n","protected":false},"excerpt":{"rendered":"<p>Siyah-Tel 8112-2 Sento<\/p>\n","protected":false},"featured_media":1627,"comment_status":"open","ping_status":"closed","template":"","meta":[],"product_brand":[],"product_cat":[721],"product_tag":[1716,1718,725,1717,723,806,724,728,457,1650,683,726,1668],"class_list":{"0":"post-1626","1":"product","2":"type-product","3":"status-publish","4":"has-post-thumbnail","6":"product_cat-aksesuar-ve-tamamlayicilar","7":"product_tag-1716","8":"product_tag-8112-2","9":"product_tag-aksesuar","10":"product_tag-askili","11":"product_tag-banyo","12":"product_tag-camasir","13":"product_tag-mobilya","14":"product_tag-mobilyalari","15":"product_tag-sento","16":"product_tag-sepeti","17":"product_tag-siyah","18":"product_tag-tamamlayici","19":"product_tag-tel","21":"first","22":"outofstock","23":"shipping-taxable","24":"product-type-simple"},"jetpack_sharing_enabled":true,"_links":{"self":[{"href":"https:\/\/artemavitra.com\/index.php\/wp-json\/wp\/v2\/product\/1626","targetHints":{"allow":["GET"]}}],"collection":[{"href":"https:\/\/artemavitra.com\/index.php\/wp-json\/wp\/v2\/product"}],"about":[{"href":"https:\/\/artemavitra.com\/index.php\/wp-json\/wp\/v2\/types\/product"}],"replies":[{"embeddable":true,"href":"https:\/\/artemavitra.com\/index.php\/wp-json\/wp\/v2\/comments?post=1626"}],"version-history":[{"count":1,"href":"https:\/\/artemavitra.com\/index.php\/wp-json\/wp\/v2\/product\/1626\/revisions"}],"predecessor-version":[{"id":1628,"href":"https:\/\/artemavitra.com\/index.php\/wp-json\/wp\/v2\/product\/1626\/revisions\/1628"}],"wp:featuredmedia":[{"embeddable":true,"href":"https:\/\/artemavitra.com\/index.php\/wp-json\/wp\/v2\/media\/1627"}],"wp:attachment":[{"href":"https:\/\/artemavitra.com\/index.php\/wp-json\/wp\/v2\/media?parent=1626"}],"wp:term":[{"taxonomy":"product_brand","embeddable":true,"href":"https:\/\/artemavitra.com\/index.php\/wp-json\/wp\/v2\/product_brand?post=1626"},{"taxonomy":"product_cat","embeddable":true,"href":"https:\/\/artemavitra.com\/index.php\/wp-json\/wp\/v2\/product_cat?post=1626"},{"taxonomy":"product_tag","embeddable":true,"href":"https:\/\/artemavitra.com\/index.php\/wp-json\/wp\/v2\/product_tag?post=1626"}],"curies":[{"name":"wp","href":"https:\/\/api.w.org\/{rel}","templated":true}]}}