{"id":1656,"date":"2019-12-17T13:13:43","date_gmt":"2019-12-17T10:13:43","guid":{"rendered":"http:\/\/artemavitra.com\/?post_type=product&#038;p=1656"},"modified":"2024-07-22T15:39:37","modified_gmt":"2024-07-22T12:39:37","slug":"askili-camasir-sepeti-280-mm-6614257","status":"publish","type":"product","link":"https:\/\/artemavitra.com\/index.php\/urun\/askili-camasir-sepeti-280-mm-6614257\/","title":{"rendered":"Ask\u0131l\u0131 \u00e7ama\u015f\u0131r sepeti 280 mm (6614257)"},"content":{"rendered":"<p>Valerta, Integra<\/p>\n","protected":false},"excerpt":{"rendered":"<p>Valerta, Integra<\/p>\n","protected":false},"featured_media":1657,"comment_status":"open","ping_status":"closed","template":"","meta":[],"product_brand":[],"product_cat":[721],"product_tag":[1649,1742,725,1717,723,806,398,782,724,728,1650,726,737],"class_list":{"0":"post-1656","1":"product","2":"type-product","3":"status-publish","4":"has-post-thumbnail","6":"product_cat-aksesuar-ve-tamamlayicilar","7":"product_tag-1649","8":"product_tag-1742","9":"product_tag-aksesuar","10":"product_tag-askili","11":"product_tag-banyo","12":"product_tag-camasir","13":"product_tag-dummy","14":"product_tag-integra","15":"product_tag-mobilya","16":"product_tag-mobilyalari","17":"product_tag-sepeti","18":"product_tag-tamamlayici","19":"product_tag-valerta","21":"first","22":"outofstock","23":"shipping-taxable","24":"product-type-simple"},"jetpack_sharing_enabled":true,"_links":{"self":[{"href":"https:\/\/artemavitra.com\/index.php\/wp-json\/wp\/v2\/product\/1656","targetHints":{"allow":["GET"]}}],"collection":[{"href":"https:\/\/artemavitra.com\/index.php\/wp-json\/wp\/v2\/product"}],"about":[{"href":"https:\/\/artemavitra.com\/index.php\/wp-json\/wp\/v2\/types\/product"}],"replies":[{"embeddable":true,"href":"https:\/\/artemavitra.com\/index.php\/wp-json\/wp\/v2\/comments?post=1656"}],"version-history":[{"count":1,"href":"https:\/\/artemavitra.com\/index.php\/wp-json\/wp\/v2\/product\/1656\/revisions"}],"predecessor-version":[{"id":1658,"href":"https:\/\/artemavitra.com\/index.php\/wp-json\/wp\/v2\/product\/1656\/revisions\/1658"}],"wp:featuredmedia":[{"embeddable":true,"href":"https:\/\/artemavitra.com\/index.php\/wp-json\/wp\/v2\/media\/1657"}],"wp:attachment":[{"href":"https:\/\/artemavitra.com\/index.php\/wp-json\/wp\/v2\/media?parent=1656"}],"wp:term":[{"taxonomy":"product_brand","embeddable":true,"href":"https:\/\/artemavitra.com\/index.php\/wp-json\/wp\/v2\/product_brand?post=1656"},{"taxonomy":"product_cat","embeddable":true,"href":"https:\/\/artemavitra.com\/index.php\/wp-json\/wp\/v2\/product_cat?post=1656"},{"taxonomy":"product_tag","embeddable":true,"href":"https:\/\/artemavitra.com\/index.php\/wp-json\/wp\/v2\/product_tag?post=1656"}],"curies":[{"name":"wp","href":"https:\/\/api.w.org\/{rel}","templated":true}]}}

Askılı çamaşır sepeti 280 mm (6614257)
