{"id":1693,"date":"2019-12-17T13:31:00","date_gmt":"2019-12-17T10:31:00","guid":{"rendered":"http:\/\/artemavitra.com\/?post_type=product&#038;p=1693"},"modified":"2024-07-22T15:39:25","modified_gmt":"2024-07-22T12:39:25","slug":"ayarli-aski-elemani-6605776","status":"publish","type":"product","link":"https:\/\/artemavitra.com\/index.php\/urun\/ayarli-aski-elemani-6605776\/","title":{"rendered":"Ayarl\u0131 ask\u0131 eleman\u0131 (6605776)"},"content":{"rendered":"<p>Ayd\u0131nlatmal\u0131 ayna<br \/>\nT\u00fcm seriler<\/p>\n","protected":false},"excerpt":{"rendered":"<p>Ayd\u0131nlatmal\u0131 ayna T\u00fcm seriler<\/p>\n","protected":false},"featured_media":1694,"comment_status":"open","ping_status":"closed","template":"","meta":[],"product_brand":[],"product_cat":[773],"product_tag":[1764,775,1765,926,752,723,776,1045,724,728,686,777,787,177],"class_list":{"0":"post-1693","1":"product","2":"type-product","3":"status-publish","4":"has-post-thumbnail","6":"product_cat-aski-elemani-parcalari","7":"product_tag-1764","8":"product_tag-aski","9":"product_tag-ayarli","10":"product_tag-aydinlatmali","11":"product_tag-ayna","12":"product_tag-banyo","13":"product_tag-eleman","14":"product_tag-elemani","15":"product_tag-mobilya","16":"product_tag-mobilyalari","17":"product_tag-parca","18":"product_tag-parcalari","19":"product_tag-seriler","20":"product_tag-tum","22":"first","23":"outofstock","24":"shipping-taxable","25":"product-type-simple"},"jetpack_sharing_enabled":true,"_links":{"self":[{"href":"https:\/\/artemavitra.com\/index.php\/wp-json\/wp\/v2\/product\/1693","targetHints":{"allow":["GET"]}}],"collection":[{"href":"https:\/\/artemavitra.com\/index.php\/wp-json\/wp\/v2\/product"}],"about":[{"href":"https:\/\/artemavitra.com\/index.php\/wp-json\/wp\/v2\/types\/product"}],"replies":[{"embeddable":true,"href":"https:\/\/artemavitra.com\/index.php\/wp-json\/wp\/v2\/comments?post=1693"}],"version-history":[{"count":1,"href":"https:\/\/artemavitra.com\/index.php\/wp-json\/wp\/v2\/product\/1693\/revisions"}],"predecessor-version":[{"id":1695,"href":"https:\/\/artemavitra.com\/index.php\/wp-json\/wp\/v2\/product\/1693\/revisions\/1695"}],"wp:featuredmedia":[{"embeddable":true,"href":"https:\/\/artemavitra.com\/index.php\/wp-json\/wp\/v2\/media\/1694"}],"wp:attachment":[{"href":"https:\/\/artemavitra.com\/index.php\/wp-json\/wp\/v2\/media?parent=1693"}],"wp:term":[{"taxonomy":"product_brand","embeddable":true,"href":"https:\/\/artemavitra.com\/index.php\/wp-json\/wp\/v2\/product_brand?post=1693"},{"taxonomy":"product_cat","embeddable":true,"href":"https:\/\/artemavitra.com\/index.php\/wp-json\/wp\/v2\/product_cat?post=1693"},{"taxonomy":"product_tag","embeddable":true,"href":"https:\/\/artemavitra.com\/index.php\/wp-json\/wp\/v2\/product_tag?post=1693"}],"curies":[{"name":"wp","href":"https:\/\/api.w.org\/{rel}","templated":true}]}}

Ayarlı askı elemanı (6605776)

<p>Aydınlatmalı ayna<br />
Tüm seriler</p>

<p>Aydınlatmalı ayna Tüm seriler</p>
