{"id":1711,"date":"2019-12-17T13:39:00","date_gmt":"2019-12-17T10:39:00","guid":{"rendered":"http:\/\/artemavitra.com\/?post_type=product&#038;p=1711"},"modified":"2024-07-22T15:39:18","modified_gmt":"2024-07-22T12:39:18","slug":"camasir-aski-elemani-6613949","status":"publish","type":"product","link":"https:\/\/artemavitra.com\/index.php\/urun\/camasir-aski-elemani-6613949\/","title":{"rendered":"\u00c7ama\u015f\u0131r ask\u0131 eleman\u0131 (6613949)"},"content":{"rendered":"<p>Frame<\/p>\n","protected":false},"excerpt":{"rendered":"<p>Frame<\/p>\n","protected":false},"featured_media":1712,"comment_status":"open","ping_status":"closed","template":"","meta":[],"product_brand":[],"product_cat":[773],"product_tag":[1775,775,723,806,776,1045,767,724,728,686,777],"class_list":{"0":"post-1711","1":"product","2":"type-product","3":"status-publish","4":"has-post-thumbnail","6":"product_cat-aski-elemani-parcalari","7":"product_tag-1775","8":"product_tag-aski","9":"product_tag-banyo","10":"product_tag-camasir","11":"product_tag-eleman","12":"product_tag-elemani","13":"product_tag-frame","14":"product_tag-mobilya","15":"product_tag-mobilyalari","16":"product_tag-parca","17":"product_tag-parcalari","19":"first","20":"outofstock","21":"shipping-taxable","22":"product-type-simple"},"jetpack_sharing_enabled":true,"_links":{"self":[{"href":"https:\/\/artemavitra.com\/index.php\/wp-json\/wp\/v2\/product\/1711","targetHints":{"allow":["GET"]}}],"collection":[{"href":"https:\/\/artemavitra.com\/index.php\/wp-json\/wp\/v2\/product"}],"about":[{"href":"https:\/\/artemavitra.com\/index.php\/wp-json\/wp\/v2\/types\/product"}],"replies":[{"embeddable":true,"href":"https:\/\/artemavitra.com\/index.php\/wp-json\/wp\/v2\/comments?post=1711"}],"version-history":[{"count":1,"href":"https:\/\/artemavitra.com\/index.php\/wp-json\/wp\/v2\/product\/1711\/revisions"}],"predecessor-version":[{"id":1713,"href":"https:\/\/artemavitra.com\/index.php\/wp-json\/wp\/v2\/product\/1711\/revisions\/1713"}],"wp:featuredmedia":[{"embeddable":true,"href":"https:\/\/artemavitra.com\/index.php\/wp-json\/wp\/v2\/media\/1712"}],"wp:attachment":[{"href":"https:\/\/artemavitra.com\/index.php\/wp-json\/wp\/v2\/media?parent=1711"}],"wp:term":[{"taxonomy":"product_brand","embeddable":true,"href":"https:\/\/artemavitra.com\/index.php\/wp-json\/wp\/v2\/product_brand?post=1711"},{"taxonomy":"product_cat","embeddable":true,"href":"https:\/\/artemavitra.com\/index.php\/wp-json\/wp\/v2\/product_cat?post=1711"},{"taxonomy":"product_tag","embeddable":true,"href":"https:\/\/artemavitra.com\/index.php\/wp-json\/wp\/v2\/product_tag?post=1711"}],"curies":[{"name":"wp","href":"https:\/\/api.w.org\/{rel}","templated":true}]}}