{"id":1721,"date":"2019-12-17T13:50:58","date_gmt":"2019-12-17T10:50:58","guid":{"rendered":"http:\/\/artemavitra.com\/?post_type=product&#038;p=1721"},"modified":"2024-07-22T15:39:14","modified_gmt":"2024-07-22T12:39:14","slug":"l-profil-tez-tasiyici-6612890","status":"publish","type":"product","link":"https:\/\/artemavitra.com\/index.php\/urun\/l-profil-tez-tasiyici-6612890\/","title":{"rendered":"L profil tez. ta\u015f\u0131y\u0131c\u0131 (6612890)"},"content":{"rendered":"<p>40x25x2 mm<br \/>\nMemoria Black<\/p>\n","protected":false},"excerpt":{"rendered":"<p>40x25x2 mm Memoria Black<\/p>\n","protected":false},"featured_media":1722,"comment_status":"open","ping_status":"closed","template":"","meta":[],"product_brand":[],"product_cat":[773],"product_tag":[1780,1778,775,723,958,776,1045,1288,794,465,724,728,686,777,742,1658,1779],"class_list":{"0":"post-1721","1":"product","2":"type-product","3":"status-publish","4":"has-post-thumbnail","6":"product_cat-aski-elemani-parcalari","7":"product_tag-40x25x2","8":"product_tag-1778","9":"product_tag-aski","10":"product_tag-banyo","11":"product_tag-black","12":"product_tag-eleman","13":"product_tag-elemani","14":"product_tag-l","15":"product_tag-memoria","16":"product_tag-mm","17":"product_tag-mobilya","18":"product_tag-mobilyalari","19":"product_tag-parca","20":"product_tag-parcalari","21":"product_tag-profil","22":"product_tag-tasiyici","23":"product_tag-tez","25":"first","26":"outofstock","27":"shipping-taxable","28":"product-type-simple"},"jetpack_sharing_enabled":true,"_links":{"self":[{"href":"https:\/\/artemavitra.com\/index.php\/wp-json\/wp\/v2\/product\/1721","targetHints":{"allow":["GET"]}}],"collection":[{"href":"https:\/\/artemavitra.com\/index.php\/wp-json\/wp\/v2\/product"}],"about":[{"href":"https:\/\/artemavitra.com\/index.php\/wp-json\/wp\/v2\/types\/product"}],"replies":[{"embeddable":true,"href":"https:\/\/artemavitra.com\/index.php\/wp-json\/wp\/v2\/comments?post=1721"}],"version-history":[{"count":1,"href":"https:\/\/artemavitra.com\/index.php\/wp-json\/wp\/v2\/product\/1721\/revisions"}],"predecessor-version":[{"id":1723,"href":"https:\/\/artemavitra.com\/index.php\/wp-json\/wp\/v2\/product\/1721\/revisions\/1723"}],"wp:featuredmedia":[{"embeddable":true,"href":"https:\/\/artemavitra.com\/index.php\/wp-json\/wp\/v2\/media\/1722"}],"wp:attachment":[{"href":"https:\/\/artemavitra.com\/index.php\/wp-json\/wp\/v2\/media?parent=1721"}],"wp:term":[{"taxonomy":"product_brand","embeddable":true,"href":"https:\/\/artemavitra.com\/index.php\/wp-json\/wp\/v2\/product_brand?post=1721"},{"taxonomy":"product_cat","embeddable":true,"href":"https:\/\/artemavitra.com\/index.php\/wp-json\/wp\/v2\/product_cat?post=1721"},{"taxonomy":"product_tag","embeddable":true,"href":"https:\/\/artemavitra.com\/index.php\/wp-json\/wp\/v2\/product_tag?post=1721"}],"curies":[{"name":"wp","href":"https:\/\/api.w.org\/{rel}","templated":true}]}}

L profil tez. taşıyıcı (6612890)
