{"id":1733,"date":"2019-12-17T13:55:53","date_gmt":"2019-12-17T10:55:53","guid":{"rendered":"http:\/\/artemavitra.com\/?post_type=product&#038;p=1733"},"modified":"2024-07-22T15:39:08","modified_gmt":"2024-07-22T12:39:08","slug":"cube-alt-modul-tasiyici-sol-6614505","status":"publish","type":"product","link":"https:\/\/artemavitra.com\/index.php\/urun\/cube-alt-modul-tasiyici-sol-6614505\/","title":{"rendered":"Cube alt mod\u00fcl ta\u015f\u0131y\u0131c\u0131-Sol (6614505)"},"content":{"rendered":"<p>Valerta, Integra<\/p>\n","protected":false},"excerpt":{"rendered":"<p>Valerta, Integra<\/p>\n","protected":false},"featured_media":1734,"comment_status":"open","ping_status":"closed","template":"","meta":[],"product_brand":[],"product_cat":[773],"product_tag":[1788,46,775,723,1787,776,1045,782,724,728,570,686,777,533,1658,737],"class_list":{"0":"post-1733","1":"product","2":"type-product","3":"status-publish","4":"has-post-thumbnail","6":"product_cat-aski-elemani-parcalari","7":"product_tag-1788","8":"product_tag-alt","9":"product_tag-aski","10":"product_tag-banyo","11":"product_tag-cube","12":"product_tag-eleman","13":"product_tag-elemani","14":"product_tag-integra","15":"product_tag-mobilya","16":"product_tag-mobilyalari","17":"product_tag-modul","18":"product_tag-parca","19":"product_tag-parcalari","20":"product_tag-sol","21":"product_tag-tasiyici","22":"product_tag-valerta","24":"first","25":"outofstock","26":"shipping-taxable","27":"product-type-simple"},"jetpack_sharing_enabled":true,"_links":{"self":[{"href":"https:\/\/artemavitra.com\/index.php\/wp-json\/wp\/v2\/product\/1733","targetHints":{"allow":["GET"]}}],"collection":[{"href":"https:\/\/artemavitra.com\/index.php\/wp-json\/wp\/v2\/product"}],"about":[{"href":"https:\/\/artemavitra.com\/index.php\/wp-json\/wp\/v2\/types\/product"}],"replies":[{"embeddable":true,"href":"https:\/\/artemavitra.com\/index.php\/wp-json\/wp\/v2\/comments?post=1733"}],"version-history":[{"count":1,"href":"https:\/\/artemavitra.com\/index.php\/wp-json\/wp\/v2\/product\/1733\/revisions"}],"predecessor-version":[{"id":1735,"href":"https:\/\/artemavitra.com\/index.php\/wp-json\/wp\/v2\/product\/1733\/revisions\/1735"}],"wp:featuredmedia":[{"embeddable":true,"href":"https:\/\/artemavitra.com\/index.php\/wp-json\/wp\/v2\/media\/1734"}],"wp:attachment":[{"href":"https:\/\/artemavitra.com\/index.php\/wp-json\/wp\/v2\/media?parent=1733"}],"wp:term":[{"taxonomy":"product_brand","embeddable":true,"href":"https:\/\/artemavitra.com\/index.php\/wp-json\/wp\/v2\/product_brand?post=1733"},{"taxonomy":"product_cat","embeddable":true,"href":"https:\/\/artemavitra.com\/index.php\/wp-json\/wp\/v2\/product_cat?post=1733"},{"taxonomy":"product_tag","embeddable":true,"href":"https:\/\/artemavitra.com\/index.php\/wp-json\/wp\/v2\/product_tag?post=1733"}],"curies":[{"name":"wp","href":"https:\/\/api.w.org\/{rel}","templated":true}]}}