{"id":1754,"date":"2019-12-17T14:05:51","date_gmt":"2019-12-17T11:05:51","guid":{"rendered":"http:\/\/artemavitra.com\/?post_type=product&#038;p=1754"},"modified":"2024-07-22T15:38:59","modified_gmt":"2024-07-22T12:38:59","slug":"aydinlatma-8w-6611797","status":"publish","type":"product","link":"https:\/\/artemavitra.com\/index.php\/urun\/aydinlatma-8w-6611797\/","title":{"rendered":"Ayd\u0131nlatma 8W (6611797)"},"content":{"rendered":"<p>Dolapl\u0131 ayna 60 cm i\u00e7in<br \/>\nNest Trendy, Nest<\/p>\n","protected":false},"excerpt":{"rendered":"<p>Dolapl\u0131 ayna 60 cm i\u00e7in Nest Trendy, Nest<\/p>\n","protected":false},"featured_media":1755,"comment_status":"open","ping_status":"closed","template":"","meta":[],"product_brand":[],"product_cat":[812],"product_tag":[77,1804,1805,1067,814,752,723,825,868,1406,537,166,816,815,724,728,754,755],"class_list":{"0":"post-1754","1":"product","2":"type-product","3":"status-publish","4":"has-post-thumbnail","6":"product_cat-aydinlatmalar","7":"product_tag-77","8":"product_tag-1804","9":"product_tag-8w","10":"product_tag-aydinlatma","11":"product_tag-aydinlatmalar","12":"product_tag-ayna","13":"product_tag-banyo","14":"product_tag-cm","15":"product_tag-dolapli","16":"product_tag-elektrik","17":"product_tag-elektrikli","18":"product_tag-icin","19":"product_tag-malzeme","20":"product_tag-malzemeler","21":"product_tag-mobilya","22":"product_tag-mobilyalari","23":"product_tag-nest","24":"product_tag-trendy","26":"first","27":"outofstock","28":"shipping-taxable","29":"product-type-simple"},"jetpack_sharing_enabled":true,"_links":{"self":[{"href":"https:\/\/artemavitra.com\/index.php\/wp-json\/wp\/v2\/product\/1754","targetHints":{"allow":["GET"]}}],"collection":[{"href":"https:\/\/artemavitra.com\/index.php\/wp-json\/wp\/v2\/product"}],"about":[{"href":"https:\/\/artemavitra.com\/index.php\/wp-json\/wp\/v2\/types\/product"}],"replies":[{"embeddable":true,"href":"https:\/\/artemavitra.com\/index.php\/wp-json\/wp\/v2\/comments?post=1754"}],"version-history":[{"count":1,"href":"https:\/\/artemavitra.com\/index.php\/wp-json\/wp\/v2\/product\/1754\/revisions"}],"predecessor-version":[{"id":1756,"href":"https:\/\/artemavitra.com\/index.php\/wp-json\/wp\/v2\/product\/1754\/revisions\/1756"}],"wp:featuredmedia":[{"embeddable":true,"href":"https:\/\/artemavitra.com\/index.php\/wp-json\/wp\/v2\/media\/1755"}],"wp:attachment":[{"href":"https:\/\/artemavitra.com\/index.php\/wp-json\/wp\/v2\/media?parent=1754"}],"wp:term":[{"taxonomy":"product_brand","embeddable":true,"href":"https:\/\/artemavitra.com\/index.php\/wp-json\/wp\/v2\/product_brand?post=1754"},{"taxonomy":"product_cat","embeddable":true,"href":"https:\/\/artemavitra.com\/index.php\/wp-json\/wp\/v2\/product_cat?post=1754"},{"taxonomy":"product_tag","embeddable":true,"href":"https:\/\/artemavitra.com\/index.php\/wp-json\/wp\/v2\/product_tag?post=1754"}],"curies":[{"name":"wp","href":"https:\/\/api.w.org\/{rel}","templated":true}]}}