{"id":1789,"date":"2019-12-17T14:19:53","date_gmt":"2019-12-17T11:19:53","guid":{"rendered":"http:\/\/artemavitra.com\/?post_type=product&#038;p=1789"},"modified":"2024-07-22T15:38:43","modified_gmt":"2024-07-22T12:38:43","slug":"aydinlatma-21w-6606298","status":"publish","type":"product","link":"https:\/\/artemavitra.com\/index.php\/urun\/aydinlatma-21w-6606298\/","title":{"rendered":"Ayd\u0131nlatma 21W (6606298)"},"content":{"rendered":"<p>Ayd\u0131nlatmal\u0131 ayna 100 cm<br \/>\nRetro, S50, System Fit, System Infinit<\/p>\n","protected":false},"excerpt":{"rendered":"<p>Ayd\u0131nlatmal\u0131 ayna 100 cm Retro, S50, System Fit, System Infinit<\/p>\n","protected":false},"featured_media":1790,"comment_status":"open","ping_status":"closed","template":"","meta":[],"product_brand":[],"product_cat":[812],"product_tag":[310,1832,1831,1067,814,926,752,723,825,1406,537,762,763,816,815,724,728,149,261,761],"class_list":{"0":"post-1789","1":"product","2":"type-product","3":"status-publish","4":"has-post-thumbnail","6":"product_cat-aydinlatmalar","7":"product_tag-310","8":"product_tag-21w","9":"product_tag-1831","10":"product_tag-aydinlatma","11":"product_tag-aydinlatmalar","12":"product_tag-aydinlatmali","13":"product_tag-ayna","14":"product_tag-banyo","15":"product_tag-cm","16":"product_tag-elektrik","17":"product_tag-elektrikli","18":"product_tag-fit","19":"product_tag-infinit","20":"product_tag-malzeme","21":"product_tag-malzemeler","22":"product_tag-mobilya","23":"product_tag-mobilyalari","24":"product_tag-retro","25":"product_tag-s50","26":"product_tag-system","28":"first","29":"outofstock","30":"shipping-taxable","31":"product-type-simple"},"jetpack_sharing_enabled":true,"_links":{"self":[{"href":"https:\/\/artemavitra.com\/index.php\/wp-json\/wp\/v2\/product\/1789","targetHints":{"allow":["GET"]}}],"collection":[{"href":"https:\/\/artemavitra.com\/index.php\/wp-json\/wp\/v2\/product"}],"about":[{"href":"https:\/\/artemavitra.com\/index.php\/wp-json\/wp\/v2\/types\/product"}],"replies":[{"embeddable":true,"href":"https:\/\/artemavitra.com\/index.php\/wp-json\/wp\/v2\/comments?post=1789"}],"version-history":[{"count":1,"href":"https:\/\/artemavitra.com\/index.php\/wp-json\/wp\/v2\/product\/1789\/revisions"}],"predecessor-version":[{"id":1791,"href":"https:\/\/artemavitra.com\/index.php\/wp-json\/wp\/v2\/product\/1789\/revisions\/1791"}],"wp:featuredmedia":[{"embeddable":true,"href":"https:\/\/artemavitra.com\/index.php\/wp-json\/wp\/v2\/media\/1790"}],"wp:attachment":[{"href":"https:\/\/artemavitra.com\/index.php\/wp-json\/wp\/v2\/media?parent=1789"}],"wp:term":[{"taxonomy":"product_brand","embeddable":true,"href":"https:\/\/artemavitra.com\/index.php\/wp-json\/wp\/v2\/product_brand?post=1789"},{"taxonomy":"product_cat","embeddable":true,"href":"https:\/\/artemavitra.com\/index.php\/wp-json\/wp\/v2\/product_cat?post=1789"},{"taxonomy":"product_tag","embeddable":true,"href":"https:\/\/artemavitra.com\/index.php\/wp-json\/wp\/v2\/product_tag?post=1789"}],"curies":[{"name":"wp","href":"https:\/\/api.w.org\/{rel}","templated":true}]}}

Aydınlatma 21W (6606298)

<p>Aydınlatmalı ayna 100 cm<br />
Retro, S50, System Fit, System Infinit</p>

<p>Aydınlatmalı ayna 100 cm Retro, S50, System Fit, System Infinit</p>
