{"id":1877,"date":"2019-12-17T16:52:18","date_gmt":"2019-12-17T13:52:18","guid":{"rendered":"http:\/\/artemavitra.com\/?post_type=product&#038;p=1877"},"modified":"2024-07-22T15:38:05","modified_gmt":"2024-07-22T12:38:05","slug":"920-mm-ledhareket-sensoru-fisli-set-6613987","status":"publish","type":"product","link":"https:\/\/artemavitra.com\/index.php\/urun\/920-mm-ledhareket-sensoru-fisli-set-6613987\/","title":{"rendered":"920 mm LED+hareket sens\u00f6r\u00fc fi\u015fli set (6613987)"},"content":{"rendered":"<p>Folda<\/p>\n","protected":false},"excerpt":{"rendered":"<p>Folda<\/p>\n","protected":false},"featured_media":1878,"comment_status":"open","ping_status":"closed","template":"","meta":[],"product_brand":[],"product_cat":[812],"product_tag":[41,1890,1891,1067,814,723,1406,537,1818,1880,1870,237,816,815,465,724,728,1871],"class_list":{"0":"post-1877","1":"product","2":"type-product","3":"status-publish","4":"has-post-thumbnail","6":"product_cat-aydinlatmalar","7":"product_tag-1-set","8":"product_tag-1890","9":"product_tag-1891","10":"product_tag-aydinlatma","11":"product_tag-aydinlatmalar","12":"product_tag-banyo","13":"product_tag-elektrik","14":"product_tag-elektrikli","15":"product_tag-fisli","16":"product_tag-folda","17":"product_tag-hareket","18":"product_tag-led","19":"product_tag-malzeme","20":"product_tag-malzemeler","21":"product_tag-mm","22":"product_tag-mobilya","23":"product_tag-mobilyalari","24":"product_tag-sensoru","26":"first","27":"outofstock","28":"shipping-taxable","29":"product-type-simple"},"jetpack_sharing_enabled":true,"_links":{"self":[{"href":"https:\/\/artemavitra.com\/index.php\/wp-json\/wp\/v2\/product\/1877","targetHints":{"allow":["GET"]}}],"collection":[{"href":"https:\/\/artemavitra.com\/index.php\/wp-json\/wp\/v2\/product"}],"about":[{"href":"https:\/\/artemavitra.com\/index.php\/wp-json\/wp\/v2\/types\/product"}],"replies":[{"embeddable":true,"href":"https:\/\/artemavitra.com\/index.php\/wp-json\/wp\/v2\/comments?post=1877"}],"version-history":[{"count":2,"href":"https:\/\/artemavitra.com\/index.php\/wp-json\/wp\/v2\/product\/1877\/revisions"}],"predecessor-version":[{"id":1880,"href":"https:\/\/artemavitra.com\/index.php\/wp-json\/wp\/v2\/product\/1877\/revisions\/1880"}],"wp:featuredmedia":[{"embeddable":true,"href":"https:\/\/artemavitra.com\/index.php\/wp-json\/wp\/v2\/media\/1878"}],"wp:attachment":[{"href":"https:\/\/artemavitra.com\/index.php\/wp-json\/wp\/v2\/media?parent=1877"}],"wp:term":[{"taxonomy":"product_brand","embeddable":true,"href":"https:\/\/artemavitra.com\/index.php\/wp-json\/wp\/v2\/product_brand?post=1877"},{"taxonomy":"product_cat","embeddable":true,"href":"https:\/\/artemavitra.com\/index.php\/wp-json\/wp\/v2\/product_cat?post=1877"},{"taxonomy":"product_tag","embeddable":true,"href":"https:\/\/artemavitra.com\/index.php\/wp-json\/wp\/v2\/product_tag?post=1877"}],"curies":[{"name":"wp","href":"https:\/\/api.w.org\/{rel}","templated":true}]}}