{"id":1925,"date":"2019-12-17T17:10:50","date_gmt":"2019-12-17T14:10:50","guid":{"rendered":"http:\/\/artemavitra.com\/?post_type=product&#038;p=1925"},"modified":"2024-07-22T15:37:44","modified_gmt":"2024-07-22T12:37:44","slug":"beyaz-ledtrafo-385-cm-6611853","status":"publish","type":"product","link":"https:\/\/artemavitra.com\/index.php\/urun\/beyaz-ledtrafo-385-cm-6611853\/","title":{"rendered":"Beyaz LED+trafo 385 cm (6611853)"},"content":{"rendered":"<p>Ayd\u0131nlatmal\u0131 ayna<br \/>\n\u0130stanbul<\/p>\n","protected":false},"excerpt":{"rendered":"<p>Ayd\u0131nlatmal\u0131 ayna \u0130stanbul<\/p>\n","protected":false},"featured_media":1926,"comment_status":"open","ping_status":"closed","template":"","meta":[],"product_brand":[],"product_cat":[812],"product_tag":[797,1196,1920,1067,814,926,752,723,44,1406,537,156,237,816,815,724,728,641],"class_list":{"0":"post-1925","1":"product","2":"type-product","3":"status-publish","4":"has-post-thumbnail","6":"product_cat-aydinlatmalar","7":"product_tag-10-cm","8":"product_tag-1196","9":"product_tag-1920","10":"product_tag-aydinlatma","11":"product_tag-aydinlatmalar","12":"product_tag-aydinlatmali","13":"product_tag-ayna","14":"product_tag-banyo","15":"product_tag-beyaz","16":"product_tag-elektrik","17":"product_tag-elektrikli","18":"product_tag-istanbul","19":"product_tag-led","20":"product_tag-malzeme","21":"product_tag-malzemeler","22":"product_tag-mobilya","23":"product_tag-mobilyalari","24":"product_tag-trafo","26":"first","27":"outofstock","28":"shipping-taxable","29":"product-type-simple"},"jetpack_sharing_enabled":true,"_links":{"self":[{"href":"https:\/\/artemavitra.com\/index.php\/wp-json\/wp\/v2\/product\/1925","targetHints":{"allow":["GET"]}}],"collection":[{"href":"https:\/\/artemavitra.com\/index.php\/wp-json\/wp\/v2\/product"}],"about":[{"href":"https:\/\/artemavitra.com\/index.php\/wp-json\/wp\/v2\/types\/product"}],"replies":[{"embeddable":true,"href":"https:\/\/artemavitra.com\/index.php\/wp-json\/wp\/v2\/comments?post=1925"}],"version-history":[{"count":1,"href":"https:\/\/artemavitra.com\/index.php\/wp-json\/wp\/v2\/product\/1925\/revisions"}],"predecessor-version":[{"id":1927,"href":"https:\/\/artemavitra.com\/index.php\/wp-json\/wp\/v2\/product\/1925\/revisions\/1927"}],"wp:featuredmedia":[{"embeddable":true,"href":"https:\/\/artemavitra.com\/index.php\/wp-json\/wp\/v2\/media\/1926"}],"wp:attachment":[{"href":"https:\/\/artemavitra.com\/index.php\/wp-json\/wp\/v2\/media?parent=1925"}],"wp:term":[{"taxonomy":"product_brand","embeddable":true,"href":"https:\/\/artemavitra.com\/index.php\/wp-json\/wp\/v2\/product_brand?post=1925"},{"taxonomy":"product_cat","embeddable":true,"href":"https:\/\/artemavitra.com\/index.php\/wp-json\/wp\/v2\/product_cat?post=1925"},{"taxonomy":"product_tag","embeddable":true,"href":"https:\/\/artemavitra.com\/index.php\/wp-json\/wp\/v2\/product_tag?post=1925"}],"curies":[{"name":"wp","href":"https:\/\/api.w.org\/{rel}","templated":true}]}}

<p>Aydınlatmalı ayna<br />
İstanbul</p>

<p>Aydınlatmalı ayna İstanbul</p>
