{"id":2040,"date":"2019-12-17T18:44:12","date_gmt":"2019-12-17T15:44:12","guid":{"rendered":"http:\/\/artemavitra.com\/?post_type=product&#038;p=2040"},"modified":"2024-07-22T15:36:51","modified_gmt":"2024-07-22T12:36:51","slug":"blum-20f2201-05-aventos-guc-unitesi-6614145","status":"publish","type":"product","link":"https:\/\/artemavitra.com\/index.php\/urun\/blum-20f2201-05-aventos-guc-unitesi-6614145\/","title":{"rendered":"Blum 20F2201.05 Aventos G\u00fc\u00e7 \u00fcnitesi (6614145)"},"content":{"rendered":"<p>Sento<\/p>\n","protected":false},"excerpt":{"rendered":"<p>Sento<\/p>\n","protected":false},"featured_media":2041,"comment_status":"open","ping_status":"closed","template":"","meta":[],"product_brand":[],"product_cat":[812],"product_tag":[1997,1996,1998,1067,814,723,1696,1406,537,564,816,815,724,728,457,673],"class_list":{"0":"post-2040","1":"product","2":"type-product","3":"status-publish","4":"has-post-thumbnail","6":"product_cat-aydinlatmalar","7":"product_tag-20f2201-05","8":"product_tag-1996","9":"product_tag-aventos","10":"product_tag-aydinlatma","11":"product_tag-aydinlatmalar","12":"product_tag-banyo","13":"product_tag-blum","14":"product_tag-elektrik","15":"product_tag-elektrikli","16":"product_tag-guc","17":"product_tag-malzeme","18":"product_tag-malzemeler","19":"product_tag-mobilya","20":"product_tag-mobilyalari","21":"product_tag-sento","22":"product_tag-unitesi","24":"first","25":"outofstock","26":"shipping-taxable","27":"product-type-simple"},"jetpack_sharing_enabled":true,"_links":{"self":[{"href":"https:\/\/artemavitra.com\/index.php\/wp-json\/wp\/v2\/product\/2040","targetHints":{"allow":["GET"]}}],"collection":[{"href":"https:\/\/artemavitra.com\/index.php\/wp-json\/wp\/v2\/product"}],"about":[{"href":"https:\/\/artemavitra.com\/index.php\/wp-json\/wp\/v2\/types\/product"}],"replies":[{"embeddable":true,"href":"https:\/\/artemavitra.com\/index.php\/wp-json\/wp\/v2\/comments?post=2040"}],"version-history":[{"count":1,"href":"https:\/\/artemavitra.com\/index.php\/wp-json\/wp\/v2\/product\/2040\/revisions"}],"predecessor-version":[{"id":2042,"href":"https:\/\/artemavitra.com\/index.php\/wp-json\/wp\/v2\/product\/2040\/revisions\/2042"}],"wp:featuredmedia":[{"embeddable":true,"href":"https:\/\/artemavitra.com\/index.php\/wp-json\/wp\/v2\/media\/2041"}],"wp:attachment":[{"href":"https:\/\/artemavitra.com\/index.php\/wp-json\/wp\/v2\/media?parent=2040"}],"wp:term":[{"taxonomy":"product_brand","embeddable":true,"href":"https:\/\/artemavitra.com\/index.php\/wp-json\/wp\/v2\/product_brand?post=2040"},{"taxonomy":"product_cat","embeddable":true,"href":"https:\/\/artemavitra.com\/index.php\/wp-json\/wp\/v2\/product_cat?post=2040"},{"taxonomy":"product_tag","embeddable":true,"href":"https:\/\/artemavitra.com\/index.php\/wp-json\/wp\/v2\/product_tag?post=2040"}],"curies":[{"name":"wp","href":"https:\/\/api.w.org\/{rel}","templated":true}]}}