{"id":217,"date":"2019-12-13T11:24:07","date_gmt":"2019-12-13T08:24:07","guid":{"rendered":"http:\/\/artemavitra.com\/?post_type=product&#038;p=217"},"modified":"2024-07-22T15:49:31","modified_gmt":"2024-07-22T12:49:31","slug":"duroplast-cocuk-klozet-kapagi-mentesesi-420749yp1te","status":"publish","type":"product","link":"https:\/\/artemavitra.com\/index.php\/urun\/duroplast-cocuk-klozet-kapagi-mentesesi-420749yp1te\/","title":{"rendered":"Duroplast \u00e7ocuk klozet kapa\u011f\u0131 mente\u015fesi (420749YP1TE)"},"content":{"rendered":"<p>Arkitekt 62<\/p>\n","protected":false},"excerpt":{"rendered":"<p>Arkitekt 62<\/p>\n","protected":false},"featured_media":218,"comment_status":"open","ping_status":"closed","template":"","meta":[],"product_brand":[],"product_cat":[18],"product_tag":[342,252,344,108,343,22,21,20,38,39],"class_list":{"0":"post-217","1":"product","2":"type-product","3":"status-publish","4":"has-post-thumbnail","6":"product_cat-klozet-kapaklari","7":"product_tag-420749yp1te","8":"product_tag-252","9":"product_tag-arkitekt","10":"product_tag-cocuk","11":"product_tag-duroplast","12":"product_tag-kapagi","13":"product_tag-kapak","14":"product_tag-klozet","15":"product_tag-mentese","16":"product_tag-mentesesi","18":"first","19":"instock","20":"shipping-taxable","21":"product-type-simple"},"jetpack_sharing_enabled":true,"_links":{"self":[{"href":"https:\/\/artemavitra.com\/index.php\/wp-json\/wp\/v2\/product\/217","targetHints":{"allow":["GET"]}}],"collection":[{"href":"https:\/\/artemavitra.com\/index.php\/wp-json\/wp\/v2\/product"}],"about":[{"href":"https:\/\/artemavitra.com\/index.php\/wp-json\/wp\/v2\/types\/product"}],"replies":[{"embeddable":true,"href":"https:\/\/artemavitra.com\/index.php\/wp-json\/wp\/v2\/comments?post=217"}],"version-history":[{"count":0,"href":"https:\/\/artemavitra.com\/index.php\/wp-json\/wp\/v2\/product\/217\/revisions"}],"wp:featuredmedia":[{"embeddable":true,"href":"https:\/\/artemavitra.com\/index.php\/wp-json\/wp\/v2\/media\/218"}],"wp:attachment":[{"href":"https:\/\/artemavitra.com\/index.php\/wp-json\/wp\/v2\/media?parent=217"}],"wp:term":[{"taxonomy":"product_brand","embeddable":true,"href":"https:\/\/artemavitra.com\/index.php\/wp-json\/wp\/v2\/product_brand?post=217"},{"taxonomy":"product_cat","embeddable":true,"href":"https:\/\/artemavitra.com\/index.php\/wp-json\/wp\/v2\/product_cat?post=217"},{"taxonomy":"product_tag","embeddable":true,"href":"https:\/\/artemavitra.com\/index.php\/wp-json\/wp\/v2\/product_tag?post=217"}],"curies":[{"name":"wp","href":"https:\/\/api.w.org\/{rel}","templated":true}]}}