{"id":2767,"date":"2019-12-20T22:06:25","date_gmt":"2019-12-20T19:06:25","guid":{"rendered":"http:\/\/artemavitra.com\/?post_type=product&#038;p=2767"},"modified":"2024-07-22T15:31:45","modified_gmt":"2024-07-22T12:31:45","slug":"tek-acilim-ray-l-6613976","status":"publish","type":"product","link":"https:\/\/artemavitra.com\/index.php\/urun\/tek-acilim-ray-l-6613976\/","title":{"rendered":"Tek a\u00e7\u0131l\u0131m ray L (6613976)"},"content":{"rendered":"<p>35 cm<br \/>\nNest Trendy (DFA)<\/p>\n","protected":false},"excerpt":{"rendered":"<p>35 cm Nest Trendy (DFA)<\/p>\n","protected":false},"featured_media":2768,"comment_status":"open","ping_status":"closed","template":"","meta":[],"product_brand":[],"product_cat":[943],"product_tag":[66,2478,2479,723,825,753,1288,38,2454,724,728,754,796,520,755],"class_list":{"0":"post-2767","1":"product","2":"type-product","3":"status-publish","4":"has-post-thumbnail","6":"product_cat-menteseler","7":"product_tag-66","8":"product_tag-2478","9":"product_tag-acilim","10":"product_tag-banyo","11":"product_tag-cm","12":"product_tag-dfa","13":"product_tag-l","14":"product_tag-mentese","15":"product_tag-menteseler","16":"product_tag-mobilya","17":"product_tag-mobilyalari","18":"product_tag-nest","19":"product_tag-ray","20":"product_tag-tek","21":"product_tag-trendy","23":"first","24":"outofstock","25":"shipping-taxable","26":"product-type-simple"},"jetpack_sharing_enabled":true,"_links":{"self":[{"href":"https:\/\/artemavitra.com\/index.php\/wp-json\/wp\/v2\/product\/2767","targetHints":{"allow":["GET"]}}],"collection":[{"href":"https:\/\/artemavitra.com\/index.php\/wp-json\/wp\/v2\/product"}],"about":[{"href":"https:\/\/artemavitra.com\/index.php\/wp-json\/wp\/v2\/types\/product"}],"replies":[{"embeddable":true,"href":"https:\/\/artemavitra.com\/index.php\/wp-json\/wp\/v2\/comments?post=2767"}],"version-history":[{"count":1,"href":"https:\/\/artemavitra.com\/index.php\/wp-json\/wp\/v2\/product\/2767\/revisions"}],"predecessor-version":[{"id":2769,"href":"https:\/\/artemavitra.com\/index.php\/wp-json\/wp\/v2\/product\/2767\/revisions\/2769"}],"wp:featuredmedia":[{"embeddable":true,"href":"https:\/\/artemavitra.com\/index.php\/wp-json\/wp\/v2\/media\/2768"}],"wp:attachment":[{"href":"https:\/\/artemavitra.com\/index.php\/wp-json\/wp\/v2\/media?parent=2767"}],"wp:term":[{"taxonomy":"product_brand","embeddable":true,"href":"https:\/\/artemavitra.com\/index.php\/wp-json\/wp\/v2\/product_brand?post=2767"},{"taxonomy":"product_cat","embeddable":true,"href":"https:\/\/artemavitra.com\/index.php\/wp-json\/wp\/v2\/product_cat?post=2767"},{"taxonomy":"product_tag","embeddable":true,"href":"https:\/\/artemavitra.com\/index.php\/wp-json\/wp\/v2\/product_tag?post=2767"}],"curies":[{"name":"wp","href":"https:\/\/api.w.org\/{rel}","templated":true}]}}