{"id":2822,"date":"2019-12-20T22:29:35","date_gmt":"2019-12-20T19:29:35","guid":{"rendered":"http:\/\/artemavitra.com\/?post_type=product&#038;p=2822"},"modified":"2024-07-22T15:31:22","modified_gmt":"2024-07-22T12:31:22","slug":"su-giris-baglanti-borusu-424530yp1te","status":"publish","type":"product","link":"https:\/\/artemavitra.com\/index.php\/urun\/su-giris-baglanti-borusu-424530yp1te\/","title":{"rendered":"Su giri\u015f ba\u011flant\u0131 borusu (424530YP1TE)"},"content":{"rendered":"<p>5112-5119-5236-5336-5810-5811-5813<\/p>\n","protected":false},"excerpt":{"rendered":"<p>5112-5119-5236-5336-5810-5811-5813<\/p>\n","protected":false},"featured_media":2823,"comment_status":"open","ping_status":"closed","template":"","meta":[],"product_brand":[],"product_cat":[1322],"product_tag":[2522,2523,2524,2525,1135,2526,2527,2528,689,723,272,273,2507,776,1330,629,1061,230,231,1062,1212,758,2506,568,712,2505,966],"class_list":{"0":"post-2822","1":"product","2":"type-product","3":"status-publish","4":"has-post-thumbnail","6":"product_cat-sifon-ve-baglanti-elemanlari","7":"product_tag-424530yp1te","8":"product_tag-2523","9":"product_tag-2524","10":"product_tag-2525","11":"product_tag-1135","12":"product_tag-2526","13":"product_tag-2527","14":"product_tag-2528","15":"product_tag-baglanti","16":"product_tag-banyo","17":"product_tag-boru","18":"product_tag-borusu","19":"product_tag-diger","20":"product_tag-eleman","21":"product_tag-elemanlari","22":"product_tag-giris","23":"product_tag-seramik","24":"product_tag-set","25":"product_tag-seti","26":"product_tag-setler","27":"product_tag-setleri","28":"product_tag-sifon","29":"product_tag-sifonlar","30":"product_tag-su","31":"product_tag-urunler","32":"product_tag-urunleri","33":"product_tag-ve","35":"first","36":"outofstock","37":"shipping-taxable","38":"product-type-simple"},"jetpack_sharing_enabled":true,"_links":{"self":[{"href":"https:\/\/artemavitra.com\/index.php\/wp-json\/wp\/v2\/product\/2822","targetHints":{"allow":["GET"]}}],"collection":[{"href":"https:\/\/artemavitra.com\/index.php\/wp-json\/wp\/v2\/product"}],"about":[{"href":"https:\/\/artemavitra.com\/index.php\/wp-json\/wp\/v2\/types\/product"}],"replies":[{"embeddable":true,"href":"https:\/\/artemavitra.com\/index.php\/wp-json\/wp\/v2\/comments?post=2822"}],"version-history":[{"count":1,"href":"https:\/\/artemavitra.com\/index.php\/wp-json\/wp\/v2\/product\/2822\/revisions"}],"predecessor-version":[{"id":2824,"href":"https:\/\/artemavitra.com\/index.php\/wp-json\/wp\/v2\/product\/2822\/revisions\/2824"}],"wp:featuredmedia":[{"embeddable":true,"href":"https:\/\/artemavitra.com\/index.php\/wp-json\/wp\/v2\/media\/2823"}],"wp:attachment":[{"href":"https:\/\/artemavitra.com\/index.php\/wp-json\/wp\/v2\/media?parent=2822"}],"wp:term":[{"taxonomy":"product_brand","embeddable":true,"href":"https:\/\/artemavitra.com\/index.php\/wp-json\/wp\/v2\/product_brand?post=2822"},{"taxonomy":"product_cat","embeddable":true,"href":"https:\/\/artemavitra.com\/index.php\/wp-json\/wp\/v2\/product_cat?post=2822"},{"taxonomy":"product_tag","embeddable":true,"href":"https:\/\/artemavitra.com\/index.php\/wp-json\/wp\/v2\/product_tag?post=2822"}],"curies":[{"name":"wp","href":"https:\/\/api.w.org\/{rel}","templated":true}]}}