{"id":2825,"date":"2019-12-20T22:30:58","date_gmt":"2019-12-20T19:30:58","guid":{"rendered":"http:\/\/artemavitra.com\/?post_type=product&#038;p=2825"},"modified":"2024-07-22T15:31:20","modified_gmt":"2024-07-22T12:31:20","slug":"su-dagitim-ust-rozet-424699yp1te","status":"publish","type":"product","link":"https:\/\/artemavitra.com\/index.php\/urun\/su-dagitim-ust-rozet-424699yp1te\/","title":{"rendered":"Su da\u011f\u0131t\u0131m \u00fcst rozet (424699YP1TE)"},"content":{"rendered":"<p>5999<\/p>\n","protected":false},"excerpt":{"rendered":"<p>5999<\/p>\n","protected":false},"featured_media":2826,"comment_status":"open","ping_status":"closed","template":"","meta":[],"product_brand":[],"product_cat":[1322],"product_tag":[2529,1338,689,723,272,2519,2507,776,1330,1279,1061,230,231,1062,1212,758,2506,568,712,2505,54,966],"class_list":{"0":"post-2825","1":"product","2":"type-product","3":"status-publish","4":"has-post-thumbnail","6":"product_cat-sifon-ve-baglanti-elemanlari","7":"product_tag-424699yp1te","8":"product_tag-1338","9":"product_tag-baglanti","10":"product_tag-banyo","11":"product_tag-boru","12":"product_tag-dagitim","13":"product_tag-diger","14":"product_tag-eleman","15":"product_tag-elemanlari","16":"product_tag-rozet","17":"product_tag-seramik","18":"product_tag-set","19":"product_tag-seti","20":"product_tag-setler","21":"product_tag-setleri","22":"product_tag-sifon","23":"product_tag-sifonlar","24":"product_tag-su","25":"product_tag-urunler","26":"product_tag-urunleri","27":"product_tag-ust","28":"product_tag-ve","30":"first","31":"outofstock","32":"shipping-taxable","33":"product-type-simple"},"jetpack_sharing_enabled":true,"_links":{"self":[{"href":"https:\/\/artemavitra.com\/index.php\/wp-json\/wp\/v2\/product\/2825","targetHints":{"allow":["GET"]}}],"collection":[{"href":"https:\/\/artemavitra.com\/index.php\/wp-json\/wp\/v2\/product"}],"about":[{"href":"https:\/\/artemavitra.com\/index.php\/wp-json\/wp\/v2\/types\/product"}],"replies":[{"embeddable":true,"href":"https:\/\/artemavitra.com\/index.php\/wp-json\/wp\/v2\/comments?post=2825"}],"version-history":[{"count":2,"href":"https:\/\/artemavitra.com\/index.php\/wp-json\/wp\/v2\/product\/2825\/revisions"}],"predecessor-version":[{"id":2828,"href":"https:\/\/artemavitra.com\/index.php\/wp-json\/wp\/v2\/product\/2825\/revisions\/2828"}],"wp:featuredmedia":[{"embeddable":true,"href":"https:\/\/artemavitra.com\/index.php\/wp-json\/wp\/v2\/media\/2826"}],"wp:attachment":[{"href":"https:\/\/artemavitra.com\/index.php\/wp-json\/wp\/v2\/media?parent=2825"}],"wp:term":[{"taxonomy":"product_brand","embeddable":true,"href":"https:\/\/artemavitra.com\/index.php\/wp-json\/wp\/v2\/product_brand?post=2825"},{"taxonomy":"product_cat","embeddable":true,"href":"https:\/\/artemavitra.com\/index.php\/wp-json\/wp\/v2\/product_cat?post=2825"},{"taxonomy":"product_tag","embeddable":true,"href":"https:\/\/artemavitra.com\/index.php\/wp-json\/wp\/v2\/product_tag?post=2825"}],"curies":[{"name":"wp","href":"https:\/\/api.w.org\/{rel}","templated":true}]}}