{"id":2832,"date":"2019-12-20T22:33:22","date_gmt":"2019-12-20T19:33:22","guid":{"rendered":"http:\/\/artemavitra.com\/?post_type=product&#038;p=2832"},"modified":"2024-07-22T15:31:18","modified_gmt":"2024-07-22T12:31:18","slug":"urun-tanimlama-plakasi-tr-311272yp1te","status":"publish","type":"product","link":"https:\/\/artemavitra.com\/index.php\/urun\/urun-tanimlama-plakasi-tr-311272yp1te\/","title":{"rendered":"\u00dcr\u00fcn tan\u0131mlama plakas\u0131-TR (311272YP1TE)"},"content":{"rendered":"<p>4339-5419<\/p>\n","protected":false},"excerpt":{"rendered":"<p>4339-5419<\/p>\n","protected":false},"featured_media":2833,"comment_status":"open","ping_status":"closed","template":"","meta":[],"product_brand":[],"product_cat":[1322],"product_tag":[2534,1343,1328,689,723,272,2507,776,1330,2536,1061,230,231,1062,1212,758,2506,2535,2537,1361,712,2505,966],"class_list":{"0":"post-2832","1":"product","2":"type-product","3":"status-publish","4":"has-post-thumbnail","6":"product_cat-sifon-ve-baglanti-elemanlari","7":"product_tag-311272yp1te","8":"product_tag-1343","9":"product_tag-1328","10":"product_tag-baglanti","11":"product_tag-banyo","12":"product_tag-boru","13":"product_tag-diger","14":"product_tag-eleman","15":"product_tag-elemanlari","16":"product_tag-plakasi","17":"product_tag-seramik","18":"product_tag-set","19":"product_tag-seti","20":"product_tag-setler","21":"product_tag-setleri","22":"product_tag-sifon","23":"product_tag-sifonlar","24":"product_tag-tanimlama","25":"product_tag-tr","26":"product_tag-urun","27":"product_tag-urunler","28":"product_tag-urunleri","29":"product_tag-ve","31":"first","32":"outofstock","33":"shipping-taxable","34":"product-type-simple"},"jetpack_sharing_enabled":true,"_links":{"self":[{"href":"https:\/\/artemavitra.com\/index.php\/wp-json\/wp\/v2\/product\/2832","targetHints":{"allow":["GET"]}}],"collection":[{"href":"https:\/\/artemavitra.com\/index.php\/wp-json\/wp\/v2\/product"}],"about":[{"href":"https:\/\/artemavitra.com\/index.php\/wp-json\/wp\/v2\/types\/product"}],"replies":[{"embeddable":true,"href":"https:\/\/artemavitra.com\/index.php\/wp-json\/wp\/v2\/comments?post=2832"}],"version-history":[{"count":1,"href":"https:\/\/artemavitra.com\/index.php\/wp-json\/wp\/v2\/product\/2832\/revisions"}],"predecessor-version":[{"id":2834,"href":"https:\/\/artemavitra.com\/index.php\/wp-json\/wp\/v2\/product\/2832\/revisions\/2834"}],"wp:featuredmedia":[{"embeddable":true,"href":"https:\/\/artemavitra.com\/index.php\/wp-json\/wp\/v2\/media\/2833"}],"wp:attachment":[{"href":"https:\/\/artemavitra.com\/index.php\/wp-json\/wp\/v2\/media?parent=2832"}],"wp:term":[{"taxonomy":"product_brand","embeddable":true,"href":"https:\/\/artemavitra.com\/index.php\/wp-json\/wp\/v2\/product_brand?post=2832"},{"taxonomy":"product_cat","embeddable":true,"href":"https:\/\/artemavitra.com\/index.php\/wp-json\/wp\/v2\/product_cat?post=2832"},{"taxonomy":"product_tag","embeddable":true,"href":"https:\/\/artemavitra.com\/index.php\/wp-json\/wp\/v2\/product_tag?post=2832"}],"curies":[{"name":"wp","href":"https:\/\/api.w.org\/{rel}","templated":true}]}}