{"id":3204,"date":"2019-12-26T17:02:45","date_gmt":"2019-12-26T14:02:45","guid":{"rendered":"http:\/\/artemavitra.com\/?post_type=product&#038;p=3204"},"modified":"2024-07-22T15:30:28","modified_gmt":"2024-07-22T12:30:28","slug":"artema-kartus-a24526yp","status":"publish","type":"product","link":"https:\/\/artemavitra.com\/index.php\/urun\/artema-kartus-a24526yp\/","title":{"rendered":"Artema Kartu\u015f (A24526YP)"},"content":{"rendered":"<p>T4 Modeli \u0130\u00e7in<\/p>\n","protected":false},"excerpt":{"rendered":"<p>T4 Modeli \u0130\u00e7in<\/p>\n","protected":false},"featured_media":3205,"comment_status":"open","ping_status":"closed","template":"","meta":[],"product_brand":[],"product_cat":[2580],"product_tag":[2620,976,2606,723,1863,166,1341,340,1332,743],"class_list":{"0":"post-3204","1":"product","2":"type-product","3":"status-publish","4":"has-post-thumbnail","6":"product_cat-gomme-rez-ve-armatur","7":"product_tag-a24526yp","8":"product_tag-armatur","9":"product_tag-artema","10":"product_tag-banyo","11":"product_tag-gomme","12":"product_tag-icin","13":"product_tag-kartus","14":"product_tag-model","15":"product_tag-rezervuar","16":"product_tag-t4","18":"first","19":"instock","20":"shipping-taxable","21":"product-type-simple"},"jetpack_sharing_enabled":true,"_links":{"self":[{"href":"https:\/\/artemavitra.com\/index.php\/wp-json\/wp\/v2\/product\/3204","targetHints":{"allow":["GET"]}}],"collection":[{"href":"https:\/\/artemavitra.com\/index.php\/wp-json\/wp\/v2\/product"}],"about":[{"href":"https:\/\/artemavitra.com\/index.php\/wp-json\/wp\/v2\/types\/product"}],"replies":[{"embeddable":true,"href":"https:\/\/artemavitra.com\/index.php\/wp-json\/wp\/v2\/comments?post=3204"}],"version-history":[{"count":1,"href":"https:\/\/artemavitra.com\/index.php\/wp-json\/wp\/v2\/product\/3204\/revisions"}],"predecessor-version":[{"id":3206,"href":"https:\/\/artemavitra.com\/index.php\/wp-json\/wp\/v2\/product\/3204\/revisions\/3206"}],"wp:featuredmedia":[{"embeddable":true,"href":"https:\/\/artemavitra.com\/index.php\/wp-json\/wp\/v2\/media\/3205"}],"wp:attachment":[{"href":"https:\/\/artemavitra.com\/index.php\/wp-json\/wp\/v2\/media?parent=3204"}],"wp:term":[{"taxonomy":"product_brand","embeddable":true,"href":"https:\/\/artemavitra.com\/index.php\/wp-json\/wp\/v2\/product_brand?post=3204"},{"taxonomy":"product_cat","embeddable":true,"href":"https:\/\/artemavitra.com\/index.php\/wp-json\/wp\/v2\/product_cat?post=3204"},{"taxonomy":"product_tag","embeddable":true,"href":"https:\/\/artemavitra.com\/index.php\/wp-json\/wp\/v2\/product_tag?post=3204"}],"curies":[{"name":"wp","href":"https:\/\/api.w.org\/{rel}","templated":true}]}}