{"id":325,"date":"2019-12-13T13:06:06","date_gmt":"2019-12-13T10:06:06","guid":{"rendered":"http:\/\/artemavitra.com\/?post_type=product&#038;p=325"},"modified":"2024-07-22T15:48:29","modified_gmt":"2024-07-22T12:48:29","slug":"mentese-blogu-adaptor-seti-313930yp1te","status":"publish","type":"product","link":"https:\/\/artemavitra.com\/index.php\/urun\/mentese-blogu-adaptor-seti-313930yp1te\/","title":{"rendered":"Mente\u015fe blo\u011fu adapt\u00f6r seti (313930YP1TE)"},"content":{"rendered":"<p>Conforma 107<\/p>\n","protected":false},"excerpt":{"rendered":"<p>Conforma 107<\/p>\n","protected":false},"featured_media":326,"comment_status":"open","ping_status":"closed","template":"","meta":[],"product_brand":[],"product_cat":[18],"product_tag":[443,448,328,430,214,442,22,21,20,38,39,230,231],"class_list":{"0":"post-325","1":"product","2":"type-product","3":"status-publish","4":"has-post-thumbnail","6":"product_cat-klozet-kapaklari","7":"product_tag-443","8":"product_tag-313930yp1te","9":"product_tag-adaptor","10":"product_tag-blogu","11":"product_tag-blok","12":"product_tag-conforma","13":"product_tag-kapagi","14":"product_tag-kapak","15":"product_tag-klozet","16":"product_tag-mentese","17":"product_tag-mentesesi","18":"product_tag-set","19":"product_tag-seti","21":"first","22":"outofstock","23":"shipping-taxable","24":"product-type-simple"},"jetpack_sharing_enabled":true,"_links":{"self":[{"href":"https:\/\/artemavitra.com\/index.php\/wp-json\/wp\/v2\/product\/325","targetHints":{"allow":["GET"]}}],"collection":[{"href":"https:\/\/artemavitra.com\/index.php\/wp-json\/wp\/v2\/product"}],"about":[{"href":"https:\/\/artemavitra.com\/index.php\/wp-json\/wp\/v2\/types\/product"}],"replies":[{"embeddable":true,"href":"https:\/\/artemavitra.com\/index.php\/wp-json\/wp\/v2\/comments?post=325"}],"version-history":[{"count":1,"href":"https:\/\/artemavitra.com\/index.php\/wp-json\/wp\/v2\/product\/325\/revisions"}],"predecessor-version":[{"id":4886,"href":"https:\/\/artemavitra.com\/index.php\/wp-json\/wp\/v2\/product\/325\/revisions\/4886"}],"wp:featuredmedia":[{"embeddable":true,"href":"https:\/\/artemavitra.com\/index.php\/wp-json\/wp\/v2\/media\/326"}],"wp:attachment":[{"href":"https:\/\/artemavitra.com\/index.php\/wp-json\/wp\/v2\/media?parent=325"}],"wp:term":[{"taxonomy":"product_brand","embeddable":true,"href":"https:\/\/artemavitra.com\/index.php\/wp-json\/wp\/v2\/product_brand?post=325"},{"taxonomy":"product_cat","embeddable":true,"href":"https:\/\/artemavitra.com\/index.php\/wp-json\/wp\/v2\/product_cat?post=325"},{"taxonomy":"product_tag","embeddable":true,"href":"https:\/\/artemavitra.com\/index.php\/wp-json\/wp\/v2\/product_tag?post=325"}],"curies":[{"name":"wp","href":"https:\/\/api.w.org\/{rel}","templated":true}]}}