{"id":481,"date":"2019-12-13T15:12:06","date_gmt":"2019-12-13T12:12:06","guid":{"rendered":"http:\/\/artemavitra.com\/?post_type=product&#038;p=481"},"modified":"2024-07-22T15:46:50","modified_gmt":"2024-07-22T12:46:50","slug":"su-isitici-kablo-grubu-315276yp1te","status":"publish","type":"product","link":"https:\/\/artemavitra.com\/index.php\/urun\/su-isitici-kablo-grubu-315276yp1te\/","title":{"rendered":"Su \u0131s\u0131t\u0131c\u0131 kablo grubu (315276YP1TE)"},"content":{"rendered":"","protected":false},"excerpt":{"rendered":"","protected":false},"featured_media":482,"comment_status":"open","ping_status":"closed","template":"","meta":[],"product_brand":[],"product_cat":[18],"product_tag":[614,524,525,615,565,22,21,20,38,39,568],"class_list":{"0":"post-481","1":"product","2":"type-product","3":"status-publish","4":"has-post-thumbnail","6":"product_cat-klozet-kapaklari","7":"product_tag-315276yp1te","8":"product_tag-grubu","9":"product_tag-grup","10":"product_tag-isitici","11":"product_tag-kablo","12":"product_tag-kapagi","13":"product_tag-kapak","14":"product_tag-klozet","15":"product_tag-mentese","16":"product_tag-mentesesi","17":"product_tag-su","19":"first","20":"outofstock","21":"shipping-taxable","22":"product-type-simple"},"jetpack_sharing_enabled":true,"_links":{"self":[{"href":"https:\/\/artemavitra.com\/index.php\/wp-json\/wp\/v2\/product\/481","targetHints":{"allow":["GET"]}}],"collection":[{"href":"https:\/\/artemavitra.com\/index.php\/wp-json\/wp\/v2\/product"}],"about":[{"href":"https:\/\/artemavitra.com\/index.php\/wp-json\/wp\/v2\/types\/product"}],"replies":[{"embeddable":true,"href":"https:\/\/artemavitra.com\/index.php\/wp-json\/wp\/v2\/comments?post=481"}],"version-history":[{"count":1,"href":"https:\/\/artemavitra.com\/index.php\/wp-json\/wp\/v2\/product\/481\/revisions"}],"predecessor-version":[{"id":4809,"href":"https:\/\/artemavitra.com\/index.php\/wp-json\/wp\/v2\/product\/481\/revisions\/4809"}],"wp:featuredmedia":[{"embeddable":true,"href":"https:\/\/artemavitra.com\/index.php\/wp-json\/wp\/v2\/media\/482"}],"wp:attachment":[{"href":"https:\/\/artemavitra.com\/index.php\/wp-json\/wp\/v2\/media?parent=481"}],"wp:term":[{"taxonomy":"product_brand","embeddable":true,"href":"https:\/\/artemavitra.com\/index.php\/wp-json\/wp\/v2\/product_brand?post=481"},{"taxonomy":"product_cat","embeddable":true,"href":"https:\/\/artemavitra.com\/index.php\/wp-json\/wp\/v2\/product_cat?post=481"},{"taxonomy":"product_tag","embeddable":true,"href":"https:\/\/artemavitra.com\/index.php\/wp-json\/wp\/v2\/product_tag?post=481"}],"curies":[{"name":"wp","href":"https:\/\/api.w.org\/{rel}","templated":true}]}}