{"id":52,"date":"2019-12-12T16:52:23","date_gmt":"2019-12-12T13:52:23","guid":{"rendered":"http:\/\/artemavitra.com\/?post_type=product&#038;p=52"},"modified":"2024-07-22T15:50:06","modified_gmt":"2024-07-22T12:50:06","slug":"klozet-kapak-mentesesi-420716yp1te","status":"publish","type":"product","link":"https:\/\/artemavitra.com\/index.php\/urun\/klozet-kapak-mentesesi-420716yp1te\/","title":{"rendered":"Klozet kapak mente\u015fesi (420716YP1TE)"},"content":{"rendered":"<p>Metal alttan s\u0131kmal\u0131 05-09-23<\/p>\n","protected":false},"excerpt":{"rendered":"<p>Metal alttan s\u0131kmal\u0131 05-09-23<\/p>\n","protected":false},"featured_media":53,"comment_status":"open","ping_status":"closed","template":"","meta":[],"product_brand":[],"product_cat":[18],"product_tag":[50,51,52,45,46,47,22,21,20,38,39,33,48,49],"class_list":{"0":"post-52","1":"product","2":"type-product","3":"status-publish","4":"has-post-thumbnail","6":"product_cat-klozet-kapaklari","7":"product_tag-50","8":"product_tag-51","9":"product_tag-52","10":"product_tag-420716yp1te","11":"product_tag-alt","12":"product_tag-alttan","13":"product_tag-kapagi","14":"product_tag-kapak","15":"product_tag-klozet","16":"product_tag-mentese","17":"product_tag-mentesesi","18":"product_tag-metal","19":"product_tag-sikma","20":"product_tag-sikmali","22":"first","23":"instock","24":"shipping-taxable","25":"product-type-simple"},"jetpack_sharing_enabled":true,"_links":{"self":[{"href":"https:\/\/artemavitra.com\/index.php\/wp-json\/wp\/v2\/product\/52","targetHints":{"allow":["GET"]}}],"collection":[{"href":"https:\/\/artemavitra.com\/index.php\/wp-json\/wp\/v2\/product"}],"about":[{"href":"https:\/\/artemavitra.com\/index.php\/wp-json\/wp\/v2\/types\/product"}],"replies":[{"embeddable":true,"href":"https:\/\/artemavitra.com\/index.php\/wp-json\/wp\/v2\/comments?post=52"}],"version-history":[{"count":0,"href":"https:\/\/artemavitra.com\/index.php\/wp-json\/wp\/v2\/product\/52\/revisions"}],"wp:featuredmedia":[{"embeddable":true,"href":"https:\/\/artemavitra.com\/index.php\/wp-json\/wp\/v2\/media\/53"}],"wp:attachment":[{"href":"https:\/\/artemavitra.com\/index.php\/wp-json\/wp\/v2\/media?parent=52"}],"wp:term":[{"taxonomy":"product_brand","embeddable":true,"href":"https:\/\/artemavitra.com\/index.php\/wp-json\/wp\/v2\/product_brand?post=52"},{"taxonomy":"product_cat","embeddable":true,"href":"https:\/\/artemavitra.com\/index.php\/wp-json\/wp\/v2\/product_cat?post=52"},{"taxonomy":"product_tag","embeddable":true,"href":"https:\/\/artemavitra.com\/index.php\/wp-json\/wp\/v2\/product_tag?post=52"}],"curies":[{"name":"wp","href":"https:\/\/api.w.org\/{rel}","templated":true}]}}