{"id":562,"date":"2019-12-13T16:43:04","date_gmt":"2019-12-13T13:43:04","guid":{"rendered":"http:\/\/artemavitra.com\/?post_type=product&#038;p=562"},"modified":"2024-07-22T15:46:33","modified_gmt":"2024-07-22T12:46:33","slug":"cerceve-montaj-vidasi-431107yp1te","status":"publish","type":"product","link":"https:\/\/artemavitra.com\/index.php\/urun\/cerceve-montaj-vidasi-431107yp1te\/","title":{"rendered":"\u00c7er\u00e7eve montaj vidas\u0131 (431107YP1TE)"},"content":{"rendered":"<p>8li Set<\/p>\n","protected":false},"excerpt":{"rendered":"<p>8li Set<\/p>\n","protected":false},"featured_media":563,"comment_status":"open","ping_status":"closed","template":"","meta":[],"product_brand":[],"product_cat":[631],"product_tag":[651,555,23,634,229,304,633],"class_list":{"0":"post-562","1":"product","2":"type-product","3":"status-publish","4":"has-post-thumbnail","6":"product_cat-yikama-sistemleri","7":"product_tag-431107yp1te","8":"product_tag-cerceve","9":"product_tag-montaj","10":"product_tag-sistemleri","11":"product_tag-vida","12":"product_tag-vidasi","13":"product_tag-yikama","15":"first","16":"outofstock","17":"shipping-taxable","18":"product-type-simple"},"jetpack_sharing_enabled":true,"_links":{"self":[{"href":"https:\/\/artemavitra.com\/index.php\/wp-json\/wp\/v2\/product\/562","targetHints":{"allow":["GET"]}}],"collection":[{"href":"https:\/\/artemavitra.com\/index.php\/wp-json\/wp\/v2\/product"}],"about":[{"href":"https:\/\/artemavitra.com\/index.php\/wp-json\/wp\/v2\/types\/product"}],"replies":[{"embeddable":true,"href":"https:\/\/artemavitra.com\/index.php\/wp-json\/wp\/v2\/comments?post=562"}],"version-history":[{"count":1,"href":"https:\/\/artemavitra.com\/index.php\/wp-json\/wp\/v2\/product\/562\/revisions"}],"predecessor-version":[{"id":4798,"href":"https:\/\/artemavitra.com\/index.php\/wp-json\/wp\/v2\/product\/562\/revisions\/4798"}],"wp:featuredmedia":[{"embeddable":true,"href":"https:\/\/artemavitra.com\/index.php\/wp-json\/wp\/v2\/media\/563"}],"wp:attachment":[{"href":"https:\/\/artemavitra.com\/index.php\/wp-json\/wp\/v2\/media?parent=562"}],"wp:term":[{"taxonomy":"product_brand","embeddable":true,"href":"https:\/\/artemavitra.com\/index.php\/wp-json\/wp\/v2\/product_brand?post=562"},{"taxonomy":"product_cat","embeddable":true,"href":"https:\/\/artemavitra.com\/index.php\/wp-json\/wp\/v2\/product_cat?post=562"},{"taxonomy":"product_tag","embeddable":true,"href":"https:\/\/artemavitra.com\/index.php\/wp-json\/wp\/v2\/product_tag?post=562"}],"curies":[{"name":"wp","href":"https:\/\/api.w.org\/{rel}","templated":true}]}}