{"id":601,"date":"2019-12-13T17:26:36","date_gmt":"2019-12-13T14:26:36","guid":{"rendered":"http:\/\/artemavitra.com\/?post_type=product&#038;p=601"},"modified":"2024-07-22T15:46:09","modified_gmt":"2024-07-22T12:46:09","slug":"vitrafresh-deterjan-haznesi-ic-hazne-310085yp1te","status":"publish","type":"product","link":"https:\/\/artemavitra.com\/index.php\/urun\/vitrafresh-deterjan-haznesi-ic-hazne-310085yp1te\/","title":{"rendered":"VitrAfresh deterjan haznesi i\u00e7 hazne (310085YP1TE)"},"content":{"rendered":"<p>T\u00fcm VitrAfresh \u00fcr\u00fcnler i\u00e7in ortak kullan\u203am.<\/p>\n","protected":false},"excerpt":{"rendered":"<p>T\u00fcm VitrAfresh \u00fcr\u00fcnler i\u00e7in ortak kullan\u203am.<\/p>\n","protected":false},"featured_media":602,"comment_status":"open","ping_status":"closed","template":"","meta":[],"product_brand":[],"product_cat":[701],"product_tag":[702,517,703,518,704,694,271,705,177,553],"class_list":{"0":"post-601","1":"product","2":"type-product","3":"status-publish","4":"has-post-thumbnail","6":"product_cat-vitrafresh-deterjan-haznesi","7":"product_tag-310085yp1te","8":"product_tag-deterjan","9":"product_tag-fresh","10":"product_tag-hazne","11":"product_tag-haznesi","12":"product_tag-ic","13":"product_tag-kullanim","14":"product_tag-ortak","15":"product_tag-tum","16":"product_tag-vitra","18":"first","19":"instock","20":"shipping-taxable","21":"product-type-simple"},"jetpack_sharing_enabled":true,"_links":{"self":[{"href":"https:\/\/artemavitra.com\/index.php\/wp-json\/wp\/v2\/product\/601","targetHints":{"allow":["GET"]}}],"collection":[{"href":"https:\/\/artemavitra.com\/index.php\/wp-json\/wp\/v2\/product"}],"about":[{"href":"https:\/\/artemavitra.com\/index.php\/wp-json\/wp\/v2\/types\/product"}],"replies":[{"embeddable":true,"href":"https:\/\/artemavitra.com\/index.php\/wp-json\/wp\/v2\/comments?post=601"}],"version-history":[{"count":0,"href":"https:\/\/artemavitra.com\/index.php\/wp-json\/wp\/v2\/product\/601\/revisions"}],"wp:featuredmedia":[{"embeddable":true,"href":"https:\/\/artemavitra.com\/index.php\/wp-json\/wp\/v2\/media\/602"}],"wp:attachment":[{"href":"https:\/\/artemavitra.com\/index.php\/wp-json\/wp\/v2\/media?parent=601"}],"wp:term":[{"taxonomy":"product_brand","embeddable":true,"href":"https:\/\/artemavitra.com\/index.php\/wp-json\/wp\/v2\/product_brand?post=601"},{"taxonomy":"product_cat","embeddable":true,"href":"https:\/\/artemavitra.com\/index.php\/wp-json\/wp\/v2\/product_cat?post=601"},{"taxonomy":"product_tag","embeddable":true,"href":"https:\/\/artemavitra.com\/index.php\/wp-json\/wp\/v2\/product_tag?post=601"}],"curies":[{"name":"wp","href":"https:\/\/api.w.org\/{rel}","templated":true}]}}