{"id":610,"date":"2019-12-13T17:35:56","date_gmt":"2019-12-13T14:35:56","guid":{"rendered":"http:\/\/artemavitra.com\/?post_type=product&#038;p=610"},"modified":"2024-07-22T15:46:04","modified_gmt":"2024-07-22T12:46:04","slug":"ustten-sabitleme-aparati-civatasi-420646yp1te-2","status":"publish","type":"product","link":"https:\/\/artemavitra.com\/index.php\/urun\/ustten-sabitleme-aparati-civatasi-420646yp1te-2\/","title":{"rendered":"\u00dcstten sabitleme aparat\u0131 civatas\u0131 (420646YP1TE)"},"content":{"rendered":"<p>T\u00fcm VitrAfresh \u00fcr\u00fcnler i\u00e7in ortak kullan\u0131m<\/p>\n","protected":false},"excerpt":{"rendered":"<p>T\u00fcm VitrAfresh \u00fcr\u00fcnler i\u00e7in ortak kullan\u0131m<\/p>\n","protected":false},"featured_media":611,"comment_status":"open","ping_status":"closed","template":"","meta":[],"product_brand":[],"product_cat":[701],"product_tag":[422,24,711,517,703,704,646,166,271,705,58,177,712,54,55,553],"class_list":{"0":"post-610","1":"product","2":"type-product","3":"status-publish","4":"has-post-thumbnail","6":"product_cat-vitrafresh-deterjan-haznesi","7":"product_tag-420646yp1te","8":"product_tag-aparat","9":"product_tag-civatasi","10":"product_tag-deterjan","11":"product_tag-fresh","12":"product_tag-haznesi","13":"product_tag-ici","14":"product_tag-icin","15":"product_tag-kullanim","16":"product_tag-ortak","17":"product_tag-sabitleme","18":"product_tag-tum","19":"product_tag-urunler","20":"product_tag-ust","21":"product_tag-ustten","22":"product_tag-vitra","24":"first","25":"outofstock","26":"shipping-taxable","27":"product-type-simple"},"jetpack_sharing_enabled":true,"_links":{"self":[{"href":"https:\/\/artemavitra.com\/index.php\/wp-json\/wp\/v2\/product\/610","targetHints":{"allow":["GET"]}}],"collection":[{"href":"https:\/\/artemavitra.com\/index.php\/wp-json\/wp\/v2\/product"}],"about":[{"href":"https:\/\/artemavitra.com\/index.php\/wp-json\/wp\/v2\/types\/product"}],"replies":[{"embeddable":true,"href":"https:\/\/artemavitra.com\/index.php\/wp-json\/wp\/v2\/comments?post=610"}],"version-history":[{"count":1,"href":"https:\/\/artemavitra.com\/index.php\/wp-json\/wp\/v2\/product\/610\/revisions"}],"predecessor-version":[{"id":4776,"href":"https:\/\/artemavitra.com\/index.php\/wp-json\/wp\/v2\/product\/610\/revisions\/4776"}],"wp:featuredmedia":[{"embeddable":true,"href":"https:\/\/artemavitra.com\/index.php\/wp-json\/wp\/v2\/media\/611"}],"wp:attachment":[{"href":"https:\/\/artemavitra.com\/index.php\/wp-json\/wp\/v2\/media?parent=610"}],"wp:term":[{"taxonomy":"product_brand","embeddable":true,"href":"https:\/\/artemavitra.com\/index.php\/wp-json\/wp\/v2\/product_brand?post=610"},{"taxonomy":"product_cat","embeddable":true,"href":"https:\/\/artemavitra.com\/index.php\/wp-json\/wp\/v2\/product_cat?post=610"},{"taxonomy":"product_tag","embeddable":true,"href":"https:\/\/artemavitra.com\/index.php\/wp-json\/wp\/v2\/product_tag?post=610"}],"curies":[{"name":"wp","href":"https:\/\/api.w.org\/{rel}","templated":true}]}}