{"id":620,"date":"2019-12-13T17:45:32","date_gmt":"2019-12-13T14:45:32","guid":{"rendered":"http:\/\/artemavitra.com\/?post_type=product&#038;p=620"},"modified":"2024-07-22T15:45:57","modified_gmt":"2024-07-22T12:45:57","slug":"d-light-vitrafresh-deterjan-haznesi-kapagi-316056yp1te","status":"publish","type":"product","link":"https:\/\/artemavitra.com\/index.php\/urun\/d-light-vitrafresh-deterjan-haznesi-kapagi-316056yp1te\/","title":{"rendered":"D-Light VitrAfresh deterjan haznesi kapa\u011f\u0131 (316056YP1TE)"},"content":{"rendered":"<p>104-003-104 yerine sipari\u015f edilmelidir.<\/p>\n","protected":false},"excerpt":{"rendered":"<p>104-003-104 yerine sipari\u015f edilmelidir.<\/p>\n","protected":false},"featured_media":621,"comment_status":"open","ping_status":"closed","template":"","meta":[],"product_brand":[],"product_cat":[701],"product_tag":[473,96,719,517,720,377,703,704,22,21,219,553,376],"class_list":{"0":"post-620","1":"product","2":"type-product","3":"status-publish","4":"has-post-thumbnail","6":"product_cat-vitrafresh-deterjan-haznesi","7":"product_tag-473","8":"product_tag-96","9":"product_tag-316056yp1te","10":"product_tag-deterjan","11":"product_tag-dlight","12":"product_tag-edilir","13":"product_tag-fresh","14":"product_tag-haznesi","15":"product_tag-kapagi","16":"product_tag-kapak","17":"product_tag-siparis","18":"product_tag-vitra","19":"product_tag-yerine","21":"first","22":"outofstock","23":"shipping-taxable","24":"product-type-simple"},"jetpack_sharing_enabled":true,"_links":{"self":[{"href":"https:\/\/artemavitra.com\/index.php\/wp-json\/wp\/v2\/product\/620","targetHints":{"allow":["GET"]}}],"collection":[{"href":"https:\/\/artemavitra.com\/index.php\/wp-json\/wp\/v2\/product"}],"about":[{"href":"https:\/\/artemavitra.com\/index.php\/wp-json\/wp\/v2\/types\/product"}],"replies":[{"embeddable":true,"href":"https:\/\/artemavitra.com\/index.php\/wp-json\/wp\/v2\/comments?post=620"}],"version-history":[{"count":1,"href":"https:\/\/artemavitra.com\/index.php\/wp-json\/wp\/v2\/product\/620\/revisions"}],"predecessor-version":[{"id":4771,"href":"https:\/\/artemavitra.com\/index.php\/wp-json\/wp\/v2\/product\/620\/revisions\/4771"}],"wp:featuredmedia":[{"embeddable":true,"href":"https:\/\/artemavitra.com\/index.php\/wp-json\/wp\/v2\/media\/621"}],"wp:attachment":[{"href":"https:\/\/artemavitra.com\/index.php\/wp-json\/wp\/v2\/media?parent=620"}],"wp:term":[{"taxonomy":"product_brand","embeddable":true,"href":"https:\/\/artemavitra.com\/index.php\/wp-json\/wp\/v2\/product_brand?post=620"},{"taxonomy":"product_cat","embeddable":true,"href":"https:\/\/artemavitra.com\/index.php\/wp-json\/wp\/v2\/product_cat?post=620"},{"taxonomy":"product_tag","embeddable":true,"href":"https:\/\/artemavitra.com\/index.php\/wp-json\/wp\/v2\/product_tag?post=620"}],"curies":[{"name":"wp","href":"https:\/\/api.w.org\/{rel}","templated":true}]}}