{"id":646,"date":"2019-12-13T18:20:03","date_gmt":"2019-12-13T15:20:03","guid":{"rendered":"http:\/\/artemavitra.com\/?post_type=product&#038;p=646"},"modified":"2024-07-22T15:45:42","modified_gmt":"2024-07-22T12:45:42","slug":"plastik-aski-elemani-kapakcigi-6609755","status":"publish","type":"product","link":"https:\/\/artemavitra.com\/index.php\/urun\/plastik-aski-elemani-kapakcigi-6609755\/","title":{"rendered":"Plastik ask\u0131 eleman\u0131 kapak\u00e7\u0131\u011f\u0131 (6609755)"},"content":{"rendered":"<p>Gala Classic<\/p>\n","protected":false},"excerpt":{"rendered":"<p>Gala Classic<\/p>\n","protected":false},"featured_media":647,"comment_status":"open","ping_status":"closed","template":"","meta":[],"product_brand":[],"product_cat":[773],"product_tag":[774,775,723,750,776,748,778,749,724,686,777,26],"class_list":{"0":"post-646","1":"product","2":"type-product","3":"status-publish","4":"has-post-thumbnail","6":"product_cat-aski-elemani-parcalari","7":"product_tag-774","8":"product_tag-aski","9":"product_tag-banyo","10":"product_tag-classic","11":"product_tag-eleman","12":"product_tag-gala","13":"product_tag-kapakcik","14":"product_tag-klasik","15":"product_tag-mobilya","16":"product_tag-parca","17":"product_tag-parcalari","18":"product_tag-plastik","20":"first","21":"outofstock","22":"shipping-taxable","23":"product-type-simple"},"jetpack_sharing_enabled":true,"_links":{"self":[{"href":"https:\/\/artemavitra.com\/index.php\/wp-json\/wp\/v2\/product\/646","targetHints":{"allow":["GET"]}}],"collection":[{"href":"https:\/\/artemavitra.com\/index.php\/wp-json\/wp\/v2\/product"}],"about":[{"href":"https:\/\/artemavitra.com\/index.php\/wp-json\/wp\/v2\/types\/product"}],"replies":[{"embeddable":true,"href":"https:\/\/artemavitra.com\/index.php\/wp-json\/wp\/v2\/comments?post=646"}],"version-history":[{"count":1,"href":"https:\/\/artemavitra.com\/index.php\/wp-json\/wp\/v2\/product\/646\/revisions"}],"predecessor-version":[{"id":4759,"href":"https:\/\/artemavitra.com\/index.php\/wp-json\/wp\/v2\/product\/646\/revisions\/4759"}],"wp:featuredmedia":[{"embeddable":true,"href":"https:\/\/artemavitra.com\/index.php\/wp-json\/wp\/v2\/media\/647"}],"wp:attachment":[{"href":"https:\/\/artemavitra.com\/index.php\/wp-json\/wp\/v2\/media?parent=646"}],"wp:term":[{"taxonomy":"product_brand","embeddable":true,"href":"https:\/\/artemavitra.com\/index.php\/wp-json\/wp\/v2\/product_brand?post=646"},{"taxonomy":"product_cat","embeddable":true,"href":"https:\/\/artemavitra.com\/index.php\/wp-json\/wp\/v2\/product_cat?post=646"},{"taxonomy":"product_tag","embeddable":true,"href":"https:\/\/artemavitra.com\/index.php\/wp-json\/wp\/v2\/product_tag?post=646"}],"curies":[{"name":"wp","href":"https:\/\/api.w.org\/{rel}","templated":true}]}}