{"id":664,"date":"2019-12-13T22:47:37","date_gmt":"2019-12-13T19:47:37","guid":{"rendered":"http:\/\/artemavitra.com\/?post_type=product&#038;p=664"},"modified":"2024-07-22T15:45:32","modified_gmt":"2024-07-22T12:45:32","slug":"camasir-aski-rayi-6613969","status":"publish","type":"product","link":"https:\/\/artemavitra.com\/index.php\/urun\/camasir-aski-rayi-6613969\/","title":{"rendered":"\u00c7ama\u015f\u0131r ask\u0131 ray\u0131 (6613969)"},"content":{"rendered":"<p>Frame<\/p>\n","protected":false},"excerpt":{"rendered":"<p>Frame<\/p>\n","protected":false},"featured_media":665,"comment_status":"open","ping_status":"closed","template":"","meta":[],"product_brand":[],"product_cat":[773],"product_tag":[805,775,723,806,555,776,767,724,686,777,796],"class_list":{"0":"post-664","1":"product","2":"type-product","3":"status-publish","4":"has-post-thumbnail","6":"product_cat-aski-elemani-parcalari","7":"product_tag-805","8":"product_tag-aski","9":"product_tag-banyo","10":"product_tag-camasir","11":"product_tag-cerceve","12":"product_tag-eleman","13":"product_tag-frame","14":"product_tag-mobilya","15":"product_tag-parca","16":"product_tag-parcalari","17":"product_tag-ray","19":"first","20":"outofstock","21":"shipping-taxable","22":"product-type-simple"},"jetpack_sharing_enabled":true,"_links":{"self":[{"href":"https:\/\/artemavitra.com\/index.php\/wp-json\/wp\/v2\/product\/664","targetHints":{"allow":["GET"]}}],"collection":[{"href":"https:\/\/artemavitra.com\/index.php\/wp-json\/wp\/v2\/product"}],"about":[{"href":"https:\/\/artemavitra.com\/index.php\/wp-json\/wp\/v2\/types\/product"}],"replies":[{"embeddable":true,"href":"https:\/\/artemavitra.com\/index.php\/wp-json\/wp\/v2\/comments?post=664"}],"version-history":[{"count":1,"href":"https:\/\/artemavitra.com\/index.php\/wp-json\/wp\/v2\/product\/664\/revisions"}],"predecessor-version":[{"id":4751,"href":"https:\/\/artemavitra.com\/index.php\/wp-json\/wp\/v2\/product\/664\/revisions\/4751"}],"wp:featuredmedia":[{"embeddable":true,"href":"https:\/\/artemavitra.com\/index.php\/wp-json\/wp\/v2\/media\/665"}],"wp:attachment":[{"href":"https:\/\/artemavitra.com\/index.php\/wp-json\/wp\/v2\/media?parent=664"}],"wp:term":[{"taxonomy":"product_brand","embeddable":true,"href":"https:\/\/artemavitra.com\/index.php\/wp-json\/wp\/v2\/product_brand?post=664"},{"taxonomy":"product_cat","embeddable":true,"href":"https:\/\/artemavitra.com\/index.php\/wp-json\/wp\/v2\/product_cat?post=664"},{"taxonomy":"product_tag","embeddable":true,"href":"https:\/\/artemavitra.com\/index.php\/wp-json\/wp\/v2\/product_tag?post=664"}],"curies":[{"name":"wp","href":"https:\/\/api.w.org\/{rel}","templated":true}]}}

Çamaşır askı rayı (6613969)
