{"id":675,"date":"2019-12-13T22:57:57","date_gmt":"2019-12-13T19:57:57","guid":{"rendered":"http:\/\/artemavitra.com\/?post_type=product&#038;p=675"},"modified":"2024-07-22T15:45:30","modified_gmt":"2024-07-22T12:45:30","slug":"erkek-baglanti-parcasi-6606131","status":"publish","type":"product","link":"https:\/\/artemavitra.com\/index.php\/urun\/erkek-baglanti-parcasi-6606131\/","title":{"rendered":"Erkek ba\u011flant\u0131 par\u00e7as\u0131 (6606131)"},"content":{"rendered":"<p>90&#215;45 cm ayna i\u00e7in<br \/>\nT4<\/p>\n","protected":false},"excerpt":{"rendered":"<p>90&#215;45 cm ayna i\u00e7in T4<\/p>\n","protected":false},"featured_media":676,"comment_status":"open","ping_status":"closed","template":"","meta":[],"product_brand":[],"product_cat":[812],"product_tag":[822,824,814,752,689,723,825,537,823,166,816,815,724,686,687,743],"class_list":{"0":"post-675","1":"product","2":"type-product","3":"status-publish","4":"has-post-thumbnail","6":"product_cat-aydinlatmalar","7":"product_tag-822","8":"product_tag-90x45","9":"product_tag-aydinlatmalar","10":"product_tag-ayna","11":"product_tag-baglanti","12":"product_tag-banyo","13":"product_tag-cm","14":"product_tag-elektrikli","15":"product_tag-erkek","16":"product_tag-icin","17":"product_tag-malzeme","18":"product_tag-malzemeler","19":"product_tag-mobilya","20":"product_tag-parca","21":"product_tag-parcasi","22":"product_tag-t4","24":"first","25":"outofstock","26":"shipping-taxable","27":"product-type-simple"},"jetpack_sharing_enabled":true,"_links":{"self":[{"href":"https:\/\/artemavitra.com\/index.php\/wp-json\/wp\/v2\/product\/675","targetHints":{"allow":["GET"]}}],"collection":[{"href":"https:\/\/artemavitra.com\/index.php\/wp-json\/wp\/v2\/product"}],"about":[{"href":"https:\/\/artemavitra.com\/index.php\/wp-json\/wp\/v2\/types\/product"}],"replies":[{"embeddable":true,"href":"https:\/\/artemavitra.com\/index.php\/wp-json\/wp\/v2\/comments?post=675"}],"version-history":[{"count":1,"href":"https:\/\/artemavitra.com\/index.php\/wp-json\/wp\/v2\/product\/675\/revisions"}],"predecessor-version":[{"id":4746,"href":"https:\/\/artemavitra.com\/index.php\/wp-json\/wp\/v2\/product\/675\/revisions\/4746"}],"wp:featuredmedia":[{"embeddable":true,"href":"https:\/\/artemavitra.com\/index.php\/wp-json\/wp\/v2\/media\/676"}],"wp:attachment":[{"href":"https:\/\/artemavitra.com\/index.php\/wp-json\/wp\/v2\/media?parent=675"}],"wp:term":[{"taxonomy":"product_brand","embeddable":true,"href":"https:\/\/artemavitra.com\/index.php\/wp-json\/wp\/v2\/product_brand?post=675"},{"taxonomy":"product_cat","embeddable":true,"href":"https:\/\/artemavitra.com\/index.php\/wp-json\/wp\/v2\/product_cat?post=675"},{"taxonomy":"product_tag","embeddable":true,"href":"https:\/\/artemavitra.com\/index.php\/wp-json\/wp\/v2\/product_tag?post=675"}],"curies":[{"name":"wp","href":"https:\/\/api.w.org\/{rel}","templated":true}]}}

Erkek bağlantı parçası (6606131)

<p>90&#215;45 cm ayna için<br />
T4</p>

<p>90&#215;45 cm ayna için T4</p>
