{"id":70,"date":"2019-12-12T17:23:35","date_gmt":"2019-12-12T14:23:35","guid":{"rendered":"http:\/\/artemavitra.com\/?post_type=product&#038;p=70"},"modified":"2024-07-22T15:50:02","modified_gmt":"2024-07-22T12:50:02","slug":"klozet-kapak-mentese-dubeli-420948yp1te","status":"publish","type":"product","link":"https:\/\/artemavitra.com\/index.php\/urun\/klozet-kapak-mentese-dubeli-420948yp1te\/","title":{"rendered":"Klozet kapak mente\u015fe d\u00fcbeli (420948YP1TE)"},"content":{"rendered":"<p>Yakut, 18-420947 mente\u015fe ile kullan\u0131lacakt\u0131r.<br \/>\nOpal, 23-420716 mente\u015fe ile kullan\u0131lacakt\u0131r.<\/p>\n","protected":false},"excerpt":{"rendered":"<p>Yakut, 18-420947 mente\u015fe ile kullan\u0131lacakt\u0131r. Opal, 23-420716 mente\u015fe ile kullan\u0131lacakt\u0131r.<\/p>\n","protected":false},"featured_media":71,"comment_status":"open","ping_status":"closed","template":"","meta":[],"product_brand":[],"product_cat":[18],"product_tag":[59,52,133,132,128,129,130,134,22,21,20,136,135,38,39,131,116],"class_list":{"0":"post-70","1":"product","2":"type-product","3":"status-publish","4":"has-post-thumbnail","6":"product_cat-klozet-kapaklari","7":"product_tag-59","8":"product_tag-52","9":"product_tag-133","10":"product_tag-132","11":"product_tag-420948yp1te","12":"product_tag-dubel","13":"product_tag-dubeli","14":"product_tag-ile","15":"product_tag-kapagi","16":"product_tag-kapak","17":"product_tag-klozet","18":"product_tag-kullanilacaktir","19":"product_tag-kullanilir","20":"product_tag-mentese","21":"product_tag-mentesesi","22":"product_tag-opal","23":"product_tag-yakut","25":"first","26":"instock","27":"shipping-taxable","28":"product-type-simple"},"jetpack_sharing_enabled":true,"_links":{"self":[{"href":"https:\/\/artemavitra.com\/index.php\/wp-json\/wp\/v2\/product\/70","targetHints":{"allow":["GET"]}}],"collection":[{"href":"https:\/\/artemavitra.com\/index.php\/wp-json\/wp\/v2\/product"}],"about":[{"href":"https:\/\/artemavitra.com\/index.php\/wp-json\/wp\/v2\/types\/product"}],"replies":[{"embeddable":true,"href":"https:\/\/artemavitra.com\/index.php\/wp-json\/wp\/v2\/comments?post=70"}],"version-history":[{"count":0,"href":"https:\/\/artemavitra.com\/index.php\/wp-json\/wp\/v2\/product\/70\/revisions"}],"wp:featuredmedia":[{"embeddable":true,"href":"https:\/\/artemavitra.com\/index.php\/wp-json\/wp\/v2\/media\/71"}],"wp:attachment":[{"href":"https:\/\/artemavitra.com\/index.php\/wp-json\/wp\/v2\/media?parent=70"}],"wp:term":[{"taxonomy":"product_brand","embeddable":true,"href":"https:\/\/artemavitra.com\/index.php\/wp-json\/wp\/v2\/product_brand?post=70"},{"taxonomy":"product_cat","embeddable":true,"href":"https:\/\/artemavitra.com\/index.php\/wp-json\/wp\/v2\/product_cat?post=70"},{"taxonomy":"product_tag","embeddable":true,"href":"https:\/\/artemavitra.com\/index.php\/wp-json\/wp\/v2\/product_tag?post=70"}],"curies":[{"name":"wp","href":"https:\/\/api.w.org\/{rel}","templated":true}]}}