{"id":727,"date":"2019-12-13T23:45:55","date_gmt":"2019-12-13T20:45:55","guid":{"rendered":"http:\/\/artemavitra.com\/?post_type=product&#038;p=727"},"modified":"2024-07-22T15:45:16","modified_gmt":"2024-07-22T12:45:16","slug":"iterek-acilan-kapak-mekanizmasi-6606625","status":"publish","type":"product","link":"https:\/\/artemavitra.com\/index.php\/urun\/iterek-acilan-kapak-mekanizmasi-6606625\/","title":{"rendered":"\u0130terek a\u00e7\u0131lan kapak mekanizmas\u0131 (6606625)"},"content":{"rendered":"<p>Ek Mod\u00fcller<\/p>\n","protected":false},"excerpt":{"rendered":"<p>Ek Mod\u00fcller<\/p>\n","protected":false},"featured_media":728,"comment_status":"open","ping_status":"closed","template":"","meta":[],"product_brand":[],"product_cat":[883],"product_tag":[905,907,810,878,906,21,879,908,811],"class_list":{"0":"post-727","1":"product","2":"type-product","3":"status-publish","4":"has-post-thumbnail","6":"product_cat-hareketli-mekanizmalar","7":"product_tag-905","8":"product_tag-acilan","9":"product_tag-ek","10":"product_tag-hareketli","11":"product_tag-iterek","12":"product_tag-kapak","13":"product_tag-mekanizmalar","14":"product_tag-mekanizmasi","15":"product_tag-moduller","17":"first","18":"outofstock","19":"shipping-taxable","20":"product-type-simple"},"jetpack_sharing_enabled":true,"_links":{"self":[{"href":"https:\/\/artemavitra.com\/index.php\/wp-json\/wp\/v2\/product\/727","targetHints":{"allow":["GET"]}}],"collection":[{"href":"https:\/\/artemavitra.com\/index.php\/wp-json\/wp\/v2\/product"}],"about":[{"href":"https:\/\/artemavitra.com\/index.php\/wp-json\/wp\/v2\/types\/product"}],"replies":[{"embeddable":true,"href":"https:\/\/artemavitra.com\/index.php\/wp-json\/wp\/v2\/comments?post=727"}],"version-history":[{"count":1,"href":"https:\/\/artemavitra.com\/index.php\/wp-json\/wp\/v2\/product\/727\/revisions"}],"predecessor-version":[{"id":4720,"href":"https:\/\/artemavitra.com\/index.php\/wp-json\/wp\/v2\/product\/727\/revisions\/4720"}],"wp:featuredmedia":[{"embeddable":true,"href":"https:\/\/artemavitra.com\/index.php\/wp-json\/wp\/v2\/media\/728"}],"wp:attachment":[{"href":"https:\/\/artemavitra.com\/index.php\/wp-json\/wp\/v2\/media?parent=727"}],"wp:term":[{"taxonomy":"product_brand","embeddable":true,"href":"https:\/\/artemavitra.com\/index.php\/wp-json\/wp\/v2\/product_brand?post=727"},{"taxonomy":"product_cat","embeddable":true,"href":"https:\/\/artemavitra.com\/index.php\/wp-json\/wp\/v2\/product_cat?post=727"},{"taxonomy":"product_tag","embeddable":true,"href":"https:\/\/artemavitra.com\/index.php\/wp-json\/wp\/v2\/product_tag?post=727"}],"curies":[{"name":"wp","href":"https:\/\/api.w.org\/{rel}","templated":true}]}}

İterek açılan kapak mekanizması (6606625)

<p>Ek Modüller</p>
