{"id":782,"date":"2019-12-14T23:35:20","date_gmt":"2019-12-14T20:35:20","guid":{"rendered":"http:\/\/artemavitra.com\/?post_type=product&#038;p=782"},"modified":"2024-07-22T15:45:01","modified_gmt":"2024-07-22T12:45:01","slug":"samet-cekmece-kapakcigi-6612627","status":"publish","type":"product","link":"https:\/\/artemavitra.com\/index.php\/urun\/samet-cekmece-kapakcigi-6612627\/","title":{"rendered":"Samet \u00e7ekmece kapak\u00e7\u0131\u011f\u0131 (6612627)"},"content":{"rendered":"<p>VitrA logolu<br \/>\nD-Light, Ecora<\/p>\n","protected":false},"excerpt":{"rendered":"<p>VitrA logolu D-Light, Ecora<\/p>\n","protected":false},"featured_media":783,"comment_status":"open","ping_status":"closed","template":"","meta":[],"product_brand":[],"product_cat":[978],"product_tag":[979,723,936,957,799,937,938,724,935,553],"class_list":{"0":"post-782","1":"product","2":"type-product","3":"status-publish","4":"has-post-thumbnail","6":"product_cat-ray-gruplari","7":"product_tag-979","8":"product_tag-banyo","9":"product_tag-cekmece","10":"product_tag-d-light","11":"product_tag-ecora","12":"product_tag-kapakcigi","13":"product_tag-logolu","14":"product_tag-mobilya","15":"product_tag-samet","16":"product_tag-vitra","18":"first","19":"outofstock","20":"shipping-taxable","21":"product-type-simple"},"jetpack_sharing_enabled":true,"_links":{"self":[{"href":"https:\/\/artemavitra.com\/index.php\/wp-json\/wp\/v2\/product\/782","targetHints":{"allow":["GET"]}}],"collection":[{"href":"https:\/\/artemavitra.com\/index.php\/wp-json\/wp\/v2\/product"}],"about":[{"href":"https:\/\/artemavitra.com\/index.php\/wp-json\/wp\/v2\/types\/product"}],"replies":[{"embeddable":true,"href":"https:\/\/artemavitra.com\/index.php\/wp-json\/wp\/v2\/comments?post=782"}],"version-history":[{"count":1,"href":"https:\/\/artemavitra.com\/index.php\/wp-json\/wp\/v2\/product\/782\/revisions"}],"predecessor-version":[{"id":4697,"href":"https:\/\/artemavitra.com\/index.php\/wp-json\/wp\/v2\/product\/782\/revisions\/4697"}],"wp:featuredmedia":[{"embeddable":true,"href":"https:\/\/artemavitra.com\/index.php\/wp-json\/wp\/v2\/media\/783"}],"wp:attachment":[{"href":"https:\/\/artemavitra.com\/index.php\/wp-json\/wp\/v2\/media?parent=782"}],"wp:term":[{"taxonomy":"product_brand","embeddable":true,"href":"https:\/\/artemavitra.com\/index.php\/wp-json\/wp\/v2\/product_brand?post=782"},{"taxonomy":"product_cat","embeddable":true,"href":"https:\/\/artemavitra.com\/index.php\/wp-json\/wp\/v2\/product_cat?post=782"},{"taxonomy":"product_tag","embeddable":true,"href":"https:\/\/artemavitra.com\/index.php\/wp-json\/wp\/v2\/product_tag?post=782"}],"curies":[{"name":"wp","href":"https:\/\/api.w.org\/{rel}","templated":true}]}}