{"id":786,"date":"2019-12-14T23:51:11","date_gmt":"2019-12-14T20:51:11","guid":{"rendered":"http:\/\/artemavitra.com\/?post_type=product&#038;p=786"},"modified":"2024-07-22T15:44:58","modified_gmt":"2024-07-22T12:44:58","slug":"bordur-baglanti-parcasi-6605745","status":"publish","type":"product","link":"https:\/\/artemavitra.com\/index.php\/urun\/bordur-baglanti-parcasi-6605745\/","title":{"rendered":"Bord\u00fcr ba\u011flant\u0131 par\u00e7as\u0131 (6605745)"},"content":{"rendered":"<p>Sento, T4, Integra, Valerta<\/p>\n","protected":false},"excerpt":{"rendered":"<p>Sento, T4, Integra, Valerta<\/p>\n","protected":false},"featured_media":787,"comment_status":"open","ping_status":"closed","template":"","meta":[],"product_brand":[],"product_cat":[978],"product_tag":[986,988,723,987,782,724,687,457,743,737],"class_list":{"0":"post-786","1":"product","2":"type-product","3":"status-publish","4":"has-post-thumbnail","6":"product_cat-ray-gruplari","7":"product_tag-986","8":"product_tag-baglant","9":"product_tag-banyo","10":"product_tag-bordur","11":"product_tag-integra","12":"product_tag-mobilya","13":"product_tag-parcasi","14":"product_tag-sento","15":"product_tag-t4","16":"product_tag-valerta","18":"first","19":"outofstock","20":"shipping-taxable","21":"product-type-simple"},"jetpack_sharing_enabled":true,"_links":{"self":[{"href":"https:\/\/artemavitra.com\/index.php\/wp-json\/wp\/v2\/product\/786","targetHints":{"allow":["GET"]}}],"collection":[{"href":"https:\/\/artemavitra.com\/index.php\/wp-json\/wp\/v2\/product"}],"about":[{"href":"https:\/\/artemavitra.com\/index.php\/wp-json\/wp\/v2\/types\/product"}],"replies":[{"embeddable":true,"href":"https:\/\/artemavitra.com\/index.php\/wp-json\/wp\/v2\/comments?post=786"}],"version-history":[{"count":1,"href":"https:\/\/artemavitra.com\/index.php\/wp-json\/wp\/v2\/product\/786\/revisions"}],"predecessor-version":[{"id":4695,"href":"https:\/\/artemavitra.com\/index.php\/wp-json\/wp\/v2\/product\/786\/revisions\/4695"}],"wp:featuredmedia":[{"embeddable":true,"href":"https:\/\/artemavitra.com\/index.php\/wp-json\/wp\/v2\/media\/787"}],"wp:attachment":[{"href":"https:\/\/artemavitra.com\/index.php\/wp-json\/wp\/v2\/media?parent=786"}],"wp:term":[{"taxonomy":"product_brand","embeddable":true,"href":"https:\/\/artemavitra.com\/index.php\/wp-json\/wp\/v2\/product_brand?post=786"},{"taxonomy":"product_cat","embeddable":true,"href":"https:\/\/artemavitra.com\/index.php\/wp-json\/wp\/v2\/product_cat?post=786"},{"taxonomy":"product_tag","embeddable":true,"href":"https:\/\/artemavitra.com\/index.php\/wp-json\/wp\/v2\/product_tag?post=786"}],"curies":[{"name":"wp","href":"https:\/\/api.w.org\/{rel}","templated":true}]}}