{"id":788,"date":"2019-12-14T23:53:01","date_gmt":"2019-12-14T20:53:01","guid":{"rendered":"http:\/\/artemavitra.com\/?post_type=product&#038;p=788"},"modified":"2024-07-22T15:44:57","modified_gmt":"2024-07-22T12:44:57","slug":"sm-box-cek-on-baglanti-parcasi-6612625","status":"publish","type":"product","link":"https:\/\/artemavitra.com\/index.php\/urun\/sm-box-cek-on-baglanti-parcasi-6612625\/","title":{"rendered":"Sm box \u00e7ek. \u00f6n ba\u011flant\u0131 par\u00e7as\u0131 (6612625)"},"content":{"rendered":"<p>D-Light, Ecora<\/p>\n","protected":false},"excerpt":{"rendered":"<p>D-Light, Ecora<\/p>\n","protected":false},"featured_media":789,"comment_status":"open","ping_status":"closed","template":"","meta":[],"product_brand":[],"product_cat":[978],"product_tag":[989,689,723,991,992,957,799,724,355,687,990],"class_list":{"0":"post-788","1":"product","2":"type-product","3":"status-publish","4":"has-post-thumbnail","6":"product_cat-ray-gruplari","7":"product_tag-989","8":"product_tag-baglanti","9":"product_tag-banyo","10":"product_tag-box","11":"product_tag-cek","12":"product_tag-d-light","13":"product_tag-ecora","14":"product_tag-mobilya","15":"product_tag-on","16":"product_tag-parcasi","17":"product_tag-sm","19":"first","20":"outofstock","21":"shipping-taxable","22":"product-type-simple"},"jetpack_sharing_enabled":true,"_links":{"self":[{"href":"https:\/\/artemavitra.com\/index.php\/wp-json\/wp\/v2\/product\/788","targetHints":{"allow":["GET"]}}],"collection":[{"href":"https:\/\/artemavitra.com\/index.php\/wp-json\/wp\/v2\/product"}],"about":[{"href":"https:\/\/artemavitra.com\/index.php\/wp-json\/wp\/v2\/types\/product"}],"replies":[{"embeddable":true,"href":"https:\/\/artemavitra.com\/index.php\/wp-json\/wp\/v2\/comments?post=788"}],"version-history":[{"count":1,"href":"https:\/\/artemavitra.com\/index.php\/wp-json\/wp\/v2\/product\/788\/revisions"}],"predecessor-version":[{"id":4694,"href":"https:\/\/artemavitra.com\/index.php\/wp-json\/wp\/v2\/product\/788\/revisions\/4694"}],"wp:featuredmedia":[{"embeddable":true,"href":"https:\/\/artemavitra.com\/index.php\/wp-json\/wp\/v2\/media\/789"}],"wp:attachment":[{"href":"https:\/\/artemavitra.com\/index.php\/wp-json\/wp\/v2\/media?parent=788"}],"wp:term":[{"taxonomy":"product_brand","embeddable":true,"href":"https:\/\/artemavitra.com\/index.php\/wp-json\/wp\/v2\/product_brand?post=788"},{"taxonomy":"product_cat","embeddable":true,"href":"https:\/\/artemavitra.com\/index.php\/wp-json\/wp\/v2\/product_cat?post=788"},{"taxonomy":"product_tag","embeddable":true,"href":"https:\/\/artemavitra.com\/index.php\/wp-json\/wp\/v2\/product_tag?post=788"}],"curies":[{"name":"wp","href":"https:\/\/api.w.org\/{rel}","templated":true}]}}