{"id":831,"date":"2019-12-15T00:25:51","date_gmt":"2019-12-14T21:25:51","guid":{"rendered":"http:\/\/artemavitra.com\/?post_type=product&#038;p=831"},"modified":"2024-07-22T15:44:30","modified_gmt":"2024-07-22T12:44:30","slug":"dubel-6600203","status":"publish","type":"product","link":"https:\/\/artemavitra.com\/index.php\/urun\/dubel-6600203\/","title":{"rendered":"D\u00fcbel (6600203)"},"content":{"rendered":"<p>Ask\u0131 eleman\u0131 i\u00e7in<br \/>\nSystem Infinit<\/p>\n","protected":false},"excerpt":{"rendered":"<p>Ask\u0131 eleman\u0131 i\u00e7in System Infinit<\/p>\n","protected":false},"featured_media":832,"comment_status":"open","ping_status":"closed","template":"","meta":[],"product_brand":[],"product_cat":[1033],"product_tag":[1044,775,723,129,1045,166,763,724,761,229],"class_list":{"0":"post-831","1":"product","2":"type-product","3":"status-publish","4":"has-post-thumbnail","6":"product_cat-vida-dubel-vs","7":"product_tag-1044","8":"product_tag-aski","9":"product_tag-banyo","10":"product_tag-dubel","11":"product_tag-elemani","12":"product_tag-icin","13":"product_tag-infinit","14":"product_tag-mobilya","15":"product_tag-system","16":"product_tag-vida","18":"first","19":"outofstock","20":"shipping-taxable","21":"product-type-simple"},"jetpack_sharing_enabled":true,"_links":{"self":[{"href":"https:\/\/artemavitra.com\/index.php\/wp-json\/wp\/v2\/product\/831","targetHints":{"allow":["GET"]}}],"collection":[{"href":"https:\/\/artemavitra.com\/index.php\/wp-json\/wp\/v2\/product"}],"about":[{"href":"https:\/\/artemavitra.com\/index.php\/wp-json\/wp\/v2\/types\/product"}],"replies":[{"embeddable":true,"href":"https:\/\/artemavitra.com\/index.php\/wp-json\/wp\/v2\/comments?post=831"}],"version-history":[{"count":1,"href":"https:\/\/artemavitra.com\/index.php\/wp-json\/wp\/v2\/product\/831\/revisions"}],"predecessor-version":[{"id":4674,"href":"https:\/\/artemavitra.com\/index.php\/wp-json\/wp\/v2\/product\/831\/revisions\/4674"}],"wp:featuredmedia":[{"embeddable":true,"href":"https:\/\/artemavitra.com\/index.php\/wp-json\/wp\/v2\/media\/832"}],"wp:attachment":[{"href":"https:\/\/artemavitra.com\/index.php\/wp-json\/wp\/v2\/media?parent=831"}],"wp:term":[{"taxonomy":"product_brand","embeddable":true,"href":"https:\/\/artemavitra.com\/index.php\/wp-json\/wp\/v2\/product_brand?post=831"},{"taxonomy":"product_cat","embeddable":true,"href":"https:\/\/artemavitra.com\/index.php\/wp-json\/wp\/v2\/product_cat?post=831"},{"taxonomy":"product_tag","embeddable":true,"href":"https:\/\/artemavitra.com\/index.php\/wp-json\/wp\/v2\/product_tag?post=831"}],"curies":[{"name":"wp","href":"https:\/\/api.w.org\/{rel}","templated":true}]}}