{"id":87,"date":"2019-12-12T17:44:18","date_gmt":"2019-12-12T14:44:18","guid":{"rendered":"http:\/\/artemavitra.com\/?post_type=product&#038;p=87"},"modified":"2024-07-22T15:49:58","modified_gmt":"2024-07-22T12:49:58","slug":"damper-yeni-313176yp1te","status":"publish","type":"product","link":"https:\/\/artemavitra.com\/index.php\/urun\/damper-yeni-313176yp1te\/","title":{"rendered":"Damper-Yeni (313176YP1TE)"},"content":{"rendered":"<p>Krom basma butonlu yava\u015f kapan\u0131r kapaklar i\u00e7in<br \/>\n74-75-76-77<\/p>\n","protected":false},"excerpt":{"rendered":"<p>Krom basma butonlu yava\u015f kapan\u0131r kapaklar i\u00e7in 74-75-76-77<\/p>\n","protected":false},"featured_media":88,"comment_status":"open","ping_status":"closed","template":"","meta":[],"product_brand":[],"product_cat":[18],"product_tag":[158,80,81,82,83,161,162,163,151,166,22,21,165,20,160,38,39,164,159],"class_list":{"0":"post-87","1":"product","2":"type-product","3":"status-publish","4":"has-post-thumbnail","6":"product_cat-klozet-kapaklari","7":"product_tag-313176yp1te","8":"product_tag-80","9":"product_tag-81","10":"product_tag-82","11":"product_tag-83","12":"product_tag-basma","13":"product_tag-buton","14":"product_tag-butonlu","15":"product_tag-damper","16":"product_tag-icin","17":"product_tag-kapagi","18":"product_tag-kapak","19":"product_tag-kapanir","20":"product_tag-klozet","21":"product_tag-krom","22":"product_tag-mentese","23":"product_tag-mentesesi","24":"product_tag-yavas","25":"product_tag-yeni","27":"first","28":"instock","29":"shipping-taxable","30":"product-type-simple"},"jetpack_sharing_enabled":true,"_links":{"self":[{"href":"https:\/\/artemavitra.com\/index.php\/wp-json\/wp\/v2\/product\/87","targetHints":{"allow":["GET"]}}],"collection":[{"href":"https:\/\/artemavitra.com\/index.php\/wp-json\/wp\/v2\/product"}],"about":[{"href":"https:\/\/artemavitra.com\/index.php\/wp-json\/wp\/v2\/types\/product"}],"replies":[{"embeddable":true,"href":"https:\/\/artemavitra.com\/index.php\/wp-json\/wp\/v2\/comments?post=87"}],"version-history":[{"count":0,"href":"https:\/\/artemavitra.com\/index.php\/wp-json\/wp\/v2\/product\/87\/revisions"}],"wp:featuredmedia":[{"embeddable":true,"href":"https:\/\/artemavitra.com\/index.php\/wp-json\/wp\/v2\/media\/88"}],"wp:attachment":[{"href":"https:\/\/artemavitra.com\/index.php\/wp-json\/wp\/v2\/media?parent=87"}],"wp:term":[{"taxonomy":"product_brand","embeddable":true,"href":"https:\/\/artemavitra.com\/index.php\/wp-json\/wp\/v2\/product_brand?post=87"},{"taxonomy":"product_cat","embeddable":true,"href":"https:\/\/artemavitra.com\/index.php\/wp-json\/wp\/v2\/product_cat?post=87"},{"taxonomy":"product_tag","embeddable":true,"href":"https:\/\/artemavitra.com\/index.php\/wp-json\/wp\/v2\/product_tag?post=87"}],"curies":[{"name":"wp","href":"https:\/\/api.w.org\/{rel}","templated":true}]}}