{"id":95,"date":"2019-12-12T17:53:38","date_gmt":"2019-12-12T14:53:38","guid":{"rendered":"http:\/\/artemavitra.com\/?post_type=product&#038;p=95"},"modified":"2024-07-22T15:49:56","modified_gmt":"2024-07-22T12:49:56","slug":"adaptor-420818yp1te","status":"publish","type":"product","link":"https:\/\/artemavitra.com\/index.php\/urun\/adaptor-420818yp1te\/","title":{"rendered":"Adapt\u00f6r (420818YP1TE)"},"content":{"rendered":"<p>T\u00fcm yava\u015f kapan\u0131r kapaklar<br \/>\n38-40-41-45-54-55-56-58-59-60<\/p>\n","protected":false},"excerpt":{"rendered":"<p>T\u00fcm yava\u015f kapan\u0131r kapaklar 38-40-41-45-54-55-56-58-59-60<\/p>\n","protected":false},"featured_media":96,"comment_status":"open","ping_status":"closed","template":"","meta":[],"product_brand":[],"product_cat":[18],"product_tag":[67,30,68,176,69,179,72,73,75,76,77,22,21,178,165,20,38,39,177,164],"class_list":{"0":"post-95","1":"product","2":"type-product","3":"status-publish","4":"has-post-thumbnail","6":"product_cat-klozet-kapaklari","7":"product_tag-67","8":"product_tag-30","9":"product_tag-68","10":"product_tag-420818yp1te","11":"product_tag-69","12":"product_tag-179","13":"product_tag-72","14":"product_tag-73","15":"product_tag-75","16":"product_tag-76","17":"product_tag-77","18":"product_tag-kapagi","19":"product_tag-kapak","20":"product_tag-kapaklar","21":"product_tag-kapanir","22":"product_tag-klozet","23":"product_tag-mentese","24":"product_tag-mentesesi","25":"product_tag-tum","26":"product_tag-yavas","28":"first","29":"instock","30":"shipping-taxable","31":"product-type-simple"},"jetpack_sharing_enabled":true,"_links":{"self":[{"href":"https:\/\/artemavitra.com\/index.php\/wp-json\/wp\/v2\/product\/95","targetHints":{"allow":["GET"]}}],"collection":[{"href":"https:\/\/artemavitra.com\/index.php\/wp-json\/wp\/v2\/product"}],"about":[{"href":"https:\/\/artemavitra.com\/index.php\/wp-json\/wp\/v2\/types\/product"}],"replies":[{"embeddable":true,"href":"https:\/\/artemavitra.com\/index.php\/wp-json\/wp\/v2\/comments?post=95"}],"version-history":[{"count":0,"href":"https:\/\/artemavitra.com\/index.php\/wp-json\/wp\/v2\/product\/95\/revisions"}],"wp:featuredmedia":[{"embeddable":true,"href":"https:\/\/artemavitra.com\/index.php\/wp-json\/wp\/v2\/media\/96"}],"wp:attachment":[{"href":"https:\/\/artemavitra.com\/index.php\/wp-json\/wp\/v2\/media?parent=95"}],"wp:term":[{"taxonomy":"product_brand","embeddable":true,"href":"https:\/\/artemavitra.com\/index.php\/wp-json\/wp\/v2\/product_brand?post=95"},{"taxonomy":"product_cat","embeddable":true,"href":"https:\/\/artemavitra.com\/index.php\/wp-json\/wp\/v2\/product_cat?post=95"},{"taxonomy":"product_tag","embeddable":true,"href":"https:\/\/artemavitra.com\/index.php\/wp-json\/wp\/v2\/product_tag?post=95"}],"curies":[{"name":"wp","href":"https:\/\/api.w.org\/{rel}","templated":true}]}}